Last updated on 2023-09-23 20:52:59 CEST.
Flavor | Version | Tinstall | Tcheck | Ttotal | Status | Flags |
---|---|---|---|---|---|---|
r-devel-linux-x86_64-debian-clang | 1.3.0 | 9.90 | 114.52 | 124.42 | NOTE | |
r-devel-linux-x86_64-debian-gcc | 1.3.0 | 8.61 | 96.86 | 105.47 | NOTE | |
r-devel-linux-x86_64-fedora-clang | 1.3.0 | 149.65 | NOTE | |||
r-devel-linux-x86_64-fedora-gcc | 1.3.0 | 155.51 | NOTE | |||
r-devel-windows-x86_64 | 1.3.0 | 10.00 | 105.00 | 115.00 | NOTE | |
r-patched-linux-x86_64 | 1.3.0 | 10.13 | 107.02 | 117.15 | NOTE | |
r-release-linux-x86_64 | 1.3.0 | 11.61 | 108.88 | 120.49 | NOTE | |
r-release-macos-arm64 | 1.3.0 | 46.00 | NOTE | |||
r-release-macos-x86_64 | 1.3.0 | 75.00 | NOTE | |||
r-release-windows-x86_64 | 1.3.0 | 14.00 | 124.00 | 138.00 | NOTE | |
r-oldrel-macos-arm64 | 1.3.0 | 49.00 | NOTE | |||
r-oldrel-macos-x86_64 | 1.3.0 | 62.00 | NOTE | |||
r-oldrel-windows-x86_64 | 1.3.0 | 14.00 | 117.00 | 131.00 | NOTE |
Version: 1.3.0
Check: package dependencies
Result: NOTE
Package suggested but not available for checking: ‘ReGenesees’
Flavors: r-devel-linux-x86_64-debian-clang, r-devel-linux-x86_64-debian-gcc, r-devel-linux-x86_64-fedora-clang, r-devel-linux-x86_64-fedora-gcc, r-devel-windows-x86_64, r-patched-linux-x86_64, r-release-linux-x86_64, r-release-macos-arm64, r-release-macos-x86_64, r-release-windows-x86_64, r-oldrel-macos-arm64, r-oldrel-macos-x86_64, r-oldrel-windows-x86_64