CRAN Package Check Results for Package CalibrateSSB

Last updated on 2024-07-14 09:51:07 CEST.

Flavor Version Tinstall Tcheck Ttotal Status Flags
r-devel-linux-x86_64-debian-clang 1.3.0 9.40 117.23 126.63 NOTE
r-devel-linux-x86_64-debian-gcc 1.3.0 9.16 83.81 92.97 NOTE
r-devel-linux-x86_64-fedora-clang 1.3.0 158.10 NOTE
r-devel-linux-x86_64-fedora-gcc 1.3.0 150.33 NOTE
r-devel-windows-x86_64 1.3.0 9.00 98.00 107.00 NOTE
r-patched-linux-x86_64 1.3.0 9.47 116.91 126.38 NOTE
r-release-linux-x86_64 1.3.0 9.52 111.49 121.01 NOTE
r-release-macos-arm64 1.3.0 47.00 NOTE
r-release-macos-x86_64 1.3.0 73.00 NOTE
r-release-windows-x86_64 1.3.0 9.00 100.00 109.00 NOTE
r-oldrel-macos-arm64 1.3.0 46.00 NOTE
r-oldrel-macos-x86_64 1.3.0 75.00 NOTE
r-oldrel-windows-x86_64 1.3.0 13.00 118.00 131.00 NOTE

Check Details

Version: 1.3.0
Check: package dependencies
Result: NOTE Package suggested but not available for checking: ‘ReGenesees’ Flavors: r-devel-linux-x86_64-debian-clang, r-devel-linux-x86_64-debian-gcc, r-devel-linux-x86_64-fedora-clang, r-devel-linux-x86_64-fedora-gcc, r-devel-windows-x86_64, r-patched-linux-x86_64, r-release-linux-x86_64, r-release-macos-arm64, r-release-macos-x86_64, r-release-windows-x86_64, r-oldrel-macos-arm64, r-oldrel-macos-x86_64, r-oldrel-windows-x86_64