CRAN Package Check Results for Package Calculator.LR.FNs

Last updated on 2021-09-21 08:49:32 CEST.

Flavor Version Tinstall Tcheck Ttotal Status Flags
r-devel-linux-x86_64-debian-clang 1.3 2.10 25.55 27.65 OK
r-devel-linux-x86_64-debian-gcc 1.3 1.80 20.23 22.03 OK
r-devel-linux-x86_64-fedora-clang 1.3 43.20 OK
r-devel-linux-x86_64-fedora-gcc 1.3 32.66 OK
r-devel-windows-x86_64 1.3 4.00 31.00 35.00 OK
r-devel-windows-x86_64-gcc10-UCRT 1.3 ERROR
r-patched-linux-x86_64 1.3 2.43 25.11 27.54 OK
r-patched-solaris-x86 1.3 56.80 OK
r-release-linux-x86_64 1.3 2.19 25.15 27.34 OK
r-release-macos-arm64 1.3 OK
r-release-macos-x86_64 1.3 OK
r-release-windows-ix86+x86_64 1.3 6.00 40.00 46.00 OK
r-oldrel-macos-x86_64 1.3 OK
r-oldrel-windows-ix86+x86_64 1.3 5.00 39.00 44.00 OK

Check Details

Version: 1.3
Check: whether package can be installed
Result: WARN
    Found the following significant warnings:
     WARNING: installation-time patches will not be applied, could not get the patches index
Flavor: r-devel-windows-x86_64-gcc10-UCRT

Version: 1.3
Check: PDF version of manual
Result: WARN
    LaTeX errors when creating PDF version.
    This typically indicates Rd problems.
Flavor: r-devel-windows-x86_64-gcc10-UCRT

Version: 1.3
Check: PDF version of manual without hyperrefs or index
Result: ERROR
    Re-running with no redirection of stdout/stderr.
Flavor: r-devel-windows-x86_64-gcc10-UCRT