CRAN Package Check Results for Package CaPO4Sim

Last updated on 2023-03-21 19:57:07 CET.

Flavor Version Tinstall Tcheck Ttotal Status Flags
r-devel-linux-x86_64-debian-clang 0.2.0 9.74 51.97 61.71 NOTE
r-devel-linux-x86_64-debian-gcc 0.2.0 6.41 40.64 47.05 NOTE
r-devel-linux-x86_64-fedora-clang 0.2.0 78.95 NOTE
r-devel-linux-x86_64-fedora-gcc 0.2.0 70.61 NOTE
r-devel-windows-x86_64 0.2.0 664.00 90.00 754.00 NOTE
r-patched-linux-x86_64 0.2.0 15.07 50.92 65.99 NOTE
r-release-linux-x86_64 0.2.0 5.13 52.32 57.45 NOTE
r-release-macos-arm64 0.2.0 24.00 NOTE
r-release-macos-x86_64 0.2.0 41.00 NOTE
r-release-windows-x86_64 0.2.0 182.00 87.00 269.00 NOTE
r-oldrel-macos-arm64 0.2.0 30.00 NOTE
r-oldrel-macos-x86_64 0.2.0 46.00 NOTE
r-oldrel-windows-ix86+x86_64 0.2.0 20.00 86.00 106.00 NOTE

Check Details

Version: 0.2.0
Check: LazyData
Result: NOTE
     'LazyData' is specified without a 'data' directory
Flavors: r-devel-linux-x86_64-debian-clang, r-devel-linux-x86_64-debian-gcc, r-devel-linux-x86_64-fedora-clang, r-devel-linux-x86_64-fedora-gcc, r-devel-windows-x86_64, r-patched-linux-x86_64, r-release-linux-x86_64, r-release-macos-arm64, r-release-macos-x86_64, r-release-windows-x86_64, r-oldrel-macos-arm64, r-oldrel-macos-x86_64, r-oldrel-windows-ix86+x86_64

Version: 0.2.0
Check: dependencies in R code
Result: NOTE
    Namespaces in Imports field not imported from:
     ‘htmltools’ ‘shinydashboard’
     All declared Imports should be used.
Flavors: r-devel-linux-x86_64-fedora-clang, r-devel-linux-x86_64-fedora-gcc, r-release-macos-arm64, r-release-macos-x86_64, r-oldrel-macos-arm64, r-oldrel-macos-x86_64