CRAN Package Check Results for Package CTP

Last updated on 2021-10-24 20:50:59 CEST.

Flavor Version Tinstall Tcheck Ttotal Status Flags
r-devel-linux-x86_64-debian-clang 3.0.1 14.63 132.56 147.19 OK
r-devel-linux-x86_64-debian-gcc 3.0.1 11.82 100.31 112.13 OK
r-devel-linux-x86_64-fedora-clang 3.0.1 185.41 NOTE
r-devel-linux-x86_64-fedora-gcc 3.0.1 173.61 NOTE
r-devel-windows-x86_64 3.0.1 22.00 175.00 197.00 OK
r-devel-windows-x86_64-gcc10-UCRT 3.0.1 NOTE
r-patched-linux-x86_64 3.0.1 13.21 130.17 143.38 OK
r-patched-solaris-x86 3.0.1 230.10 NOTE
r-release-linux-x86_64 3.0.1 13.69 129.62 143.31 OK
r-release-macos-arm64 3.0.1 NOTE
r-release-macos-x86_64 3.0.1 NOTE
r-release-windows-ix86+x86_64 3.0.1 25.00 160.00 185.00 OK
r-oldrel-macos-x86_64 3.0.1 NOTE
r-oldrel-windows-ix86+x86_64 3.0.1 38.00 177.00 215.00 OK

Check Details

Version: 3.0.1
Check: dependencies in R code
Result: NOTE
    Namespace in Imports field not imported from: ‘MASS’
     All declared Imports should be used.
Flavors: r-devel-linux-x86_64-fedora-clang, r-devel-linux-x86_64-fedora-gcc, r-devel-windows-x86_64-gcc10-UCRT, r-patched-solaris-x86, r-release-macos-arm64, r-release-macos-x86_64, r-oldrel-macos-x86_64