CRAN Package Check Results for Package CSGo

Last updated on 2021-09-20 20:48:32 CEST.

Flavor Version Tinstall Tcheck Ttotal Status Flags
r-devel-linux-x86_64-debian-clang 0.6.7 2.56 28.09 30.65 OK
r-devel-linux-x86_64-debian-gcc 0.6.7 2.04 22.58 24.62 OK
r-devel-linux-x86_64-fedora-clang 0.6.7 46.70 NOTE
r-devel-linux-x86_64-fedora-gcc 0.6.7 35.87 NOTE
r-devel-windows-x86_64 0.6.7 4.00 38.00 42.00 OK
r-devel-windows-x86_64-gcc10-UCRT 0.6.7 ERROR
r-patched-linux-x86_64 0.6.7 2.40 27.89 30.29 OK
r-patched-solaris-x86 0.6.7 55.60 NOTE
r-release-linux-x86_64 0.6.7 2.30 27.85 30.15 OK
r-release-macos-arm64 0.6.7 NOTE
r-release-macos-x86_64 0.6.7 NOTE
r-release-windows-ix86+x86_64 0.6.7 7.00 45.00 52.00 OK
r-oldrel-macos-x86_64 0.6.7 NOTE
r-oldrel-windows-ix86+x86_64 0.6.7 7.00 46.00 53.00 OK

Check Details

Version: 0.6.7
Check: dependencies in R code
Result: NOTE
    Namespaces in Imports field not imported from:
     ‘extrafont’ ‘future’
     All declared Imports should be used.
Flavors: r-devel-linux-x86_64-fedora-clang, r-devel-linux-x86_64-fedora-gcc, r-devel-windows-x86_64-gcc10-UCRT, r-patched-solaris-x86, r-release-macos-arm64, r-release-macos-x86_64, r-oldrel-macos-x86_64

Version: 0.6.7
Check: whether package can be installed
Result: WARN
    Found the following significant warnings:
     WARNING: installation-time patches will not be applied, could not get the patches index
Flavor: r-devel-windows-x86_64-gcc10-UCRT

Version: 0.6.7
Check: PDF version of manual
Result: WARN
    LaTeX errors when creating PDF version.
    This typically indicates Rd problems.
Flavor: r-devel-windows-x86_64-gcc10-UCRT

Version: 0.6.7
Check: PDF version of manual without hyperrefs or index
Result: ERROR
    Re-running with no redirection of stdout/stderr.
Flavor: r-devel-windows-x86_64-gcc10-UCRT