Last updated on 2022-08-08 21:53:10 CEST.
Flavor | Version | Tinstall | Tcheck | Ttotal | Status | Flags |
---|---|---|---|---|---|---|
r-devel-linux-x86_64-debian-clang | 0.6.7 | 2.51 | 29.31 | 31.82 | OK | |
r-devel-linux-x86_64-debian-gcc | 0.6.7 | 2.17 | 23.30 | 25.47 | OK | |
r-devel-linux-x86_64-fedora-clang | 0.6.7 | 50.63 | NOTE | |||
r-devel-linux-x86_64-fedora-gcc | 0.6.7 | 49.33 | NOTE | |||
r-devel-windows-x86_64 | 0.6.7 | 14.00 | 66.00 | 80.00 | OK | |
r-patched-linux-x86_64 | 0.6.7 | 2.06 | 28.62 | 30.68 | OK | |
r-release-linux-x86_64 | 0.6.7 | OK | ||||
r-release-macos-arm64 | 0.6.7 | 21.00 | NOTE | |||
r-release-macos-x86_64 | 0.6.7 | 34.00 | NOTE | |||
r-release-windows-x86_64 | 0.6.7 | 13.00 | 67.00 | 80.00 | OK | |
r-oldrel-macos-arm64 | 0.6.7 | 24.00 | NOTE | |||
r-oldrel-macos-x86_64 | 0.6.7 | 34.00 | NOTE | |||
r-oldrel-windows-ix86+x86_64 | 0.6.7 | 7.00 | 52.00 | 59.00 | OK |
Version: 0.6.7
Check: dependencies in R code
Result: NOTE
Namespaces in Imports field not imported from:
‘extrafont’ ‘future’
All declared Imports should be used.
Flavors: r-devel-linux-x86_64-fedora-clang, r-devel-linux-x86_64-fedora-gcc, r-release-macos-arm64, r-release-macos-x86_64, r-oldrel-macos-arm64, r-oldrel-macos-x86_64