Last updated on 2023-09-23 20:53:01 CEST.
Flavor | Version | Tinstall | Tcheck | Ttotal | Status | Flags |
---|---|---|---|---|---|---|
r-devel-linux-x86_64-debian-clang | 0.1.0 | 10.51 | 113.77 | 124.28 | NOTE | |
r-devel-linux-x86_64-debian-gcc | 0.1.0 | 9.95 | 91.75 | 101.70 | NOTE | |
r-devel-linux-x86_64-fedora-clang | 0.1.0 | 151.22 | NOTE | |||
r-devel-linux-x86_64-fedora-gcc | 0.1.0 | 149.09 | NOTE | |||
r-devel-windows-x86_64 | 0.1.0 | 12.00 | 94.00 | 106.00 | NOTE | |
r-patched-linux-x86_64 | 0.1.0 | 9.75 | 108.18 | 117.93 | NOTE | |
r-release-linux-x86_64 | 0.1.0 | 8.87 | 109.43 | 118.30 | NOTE | |
r-release-macos-arm64 | 0.1.0 | 31.00 | NOTE | |||
r-release-macos-x86_64 | 0.1.0 | 55.00 | NOTE | |||
r-release-windows-x86_64 | 0.1.0 | 14.00 | 109.00 | 123.00 | NOTE | |
r-oldrel-macos-arm64 | 0.1.0 | 32.00 | NOTE | |||
r-oldrel-macos-x86_64 | 0.1.0 | 43.00 | NOTE | |||
r-oldrel-windows-x86_64 | 0.1.0 | 15.00 | 119.00 | 134.00 | NOTE |
Version: 0.1.0
Check: LazyData
Result: NOTE
'LazyData' is specified without a 'data' directory
Flavors: r-devel-linux-x86_64-debian-clang, r-devel-linux-x86_64-debian-gcc, r-devel-linux-x86_64-fedora-clang, r-devel-linux-x86_64-fedora-gcc, r-devel-windows-x86_64, r-patched-linux-x86_64, r-release-linux-x86_64, r-release-macos-arm64, r-release-macos-x86_64, r-release-windows-x86_64, r-oldrel-macos-arm64, r-oldrel-macos-x86_64, r-oldrel-windows-x86_64