Last updated on 2023-11-30 19:51:52 CET.
Flavor | Version | Tinstall | Tcheck | Ttotal | Status | Flags |
---|---|---|---|---|---|---|
r-devel-linux-x86_64-debian-clang | 1.0.0 | 160.16 | 87.00 | 247.16 | NOTE | |
r-devel-linux-x86_64-debian-gcc | 1.0.0 | 113.26 | 61.17 | 174.43 | NOTE | |
r-devel-linux-x86_64-fedora-clang | 1.0.0 | 341.09 | NOTE | |||
r-devel-linux-x86_64-fedora-gcc | 1.0.0 | 368.08 | NOTE | |||
r-devel-windows-x86_64 | 1.0.0 | 113.00 | 103.00 | 216.00 | NOTE | |
r-patched-linux-x86_64 | 1.0.0 | 94.61 | 79.06 | 173.67 | NOTE | |
r-release-linux-x86_64 | 1.0.0 | 113.84 | 78.79 | 192.63 | NOTE | |
r-release-macos-arm64 | 1.0.0 | 88.00 | NOTE | |||
r-release-macos-x86_64 | 1.0.0 | 156.00 | NOTE | |||
r-release-windows-x86_64 | 1.0.0 | 159.00 | 122.00 | 281.00 | NOTE | |
r-oldrel-macos-arm64 | 1.0.0 | 80.00 | NOTE | |||
r-oldrel-macos-x86_64 | 1.0.0 | 101.00 | NOTE | |||
r-oldrel-windows-x86_64 | 1.0.0 | 156.00 | 115.00 | 271.00 | OK |
Version: 1.0.0
Check: C++ specification
Result: NOTE
Specified C++11: please drop specification unless essential
Flavors: r-devel-linux-x86_64-debian-clang, r-devel-linux-x86_64-debian-gcc, r-devel-linux-x86_64-fedora-clang, r-devel-linux-x86_64-fedora-gcc, r-devel-windows-x86_64, r-patched-linux-x86_64, r-release-linux-x86_64, r-release-macos-arm64, r-release-macos-x86_64, r-release-windows-x86_64
Version: 1.0.0
Check: installed package size
Result: NOTE
installed size is 17.3Mb
sub-directories of 1Mb or more:
doc 1.8Mb
libs 15.2Mb
Flavors: r-release-macos-arm64, r-release-macos-x86_64, r-oldrel-macos-arm64, r-oldrel-macos-x86_64