CRAN Package Check Results for Package CNprep

Last updated on 2020-11-26 20:51:35 CET.

Flavor Version Tinstall Tcheck Ttotal Status Flags
r-devel-linux-x86_64-debian-clang 2.0 4.01 33.39 37.40 NOTE
r-devel-linux-x86_64-debian-gcc 2.0 2.51 28.34 30.85 NOTE
r-devel-linux-x86_64-fedora-clang 2.0 53.05 NOTE
r-devel-linux-x86_64-fedora-gcc 2.0 43.53 NOTE
r-devel-windows-ix86+x86_64 2.0 6.00 57.00 63.00 NOTE
r-patched-linux-x86_64 2.0 3.75 33.38 37.13 NOTE
r-patched-solaris-x86 2.0 76.80 NOTE
r-release-linux-x86_64 2.0 3.96 33.78 37.74 NOTE
r-release-macos-x86_64 2.0 NOTE
r-release-windows-ix86+x86_64 2.0 6.00 82.00 88.00 NOTE
r-oldrel-macos-x86_64 2.0 NOTE
r-oldrel-windows-ix86+x86_64 2.0 6.00 51.00 57.00 NOTE

Check Details

Version: 2.0
Check: R code for possible problems
Result: NOTE
    CNclusterNcenter: no visible global function definition for 'median'
    CNclusterNcenter: no visible binding for global variable 'var'
    breakIntoGaps: no visible global function definition for 'runif'
    centerprob: no visible global function definition for 'pnorm'
    getz: no visible global function definition for 'predict'
    smad: no visible global function definition for 'mad'
    smedian: no visible global function definition for 'median'
    smedian.sample: no visible global function definition for 'median'
    smedmad: no visible global function definition for 'median'
    smedmad: no visible global function definition for 'mad'
    Undefined global functions or variables:
     mad median pnorm predict runif var
    Consider adding
     importFrom("stats", "mad", "median", "pnorm", "predict", "runif",
     "var")
    to your NAMESPACE file.
Flavors: r-devel-linux-x86_64-debian-clang, r-devel-linux-x86_64-debian-gcc, r-devel-linux-x86_64-fedora-clang, r-devel-linux-x86_64-fedora-gcc, r-devel-windows-ix86+x86_64, r-patched-linux-x86_64, r-patched-solaris-x86, r-release-linux-x86_64, r-release-macos-x86_64, r-release-windows-ix86+x86_64, r-oldrel-macos-x86_64, r-oldrel-windows-ix86+x86_64