CRAN Package Check Results for Package CLVTools

Last updated on 2021-12-01 19:51:32 CET.

Flavor Version Tinstall Tcheck Ttotal Status Flags
r-devel-linux-x86_64-debian-clang 0.8.1 127.04 491.77 618.81 OK
r-devel-linux-x86_64-debian-gcc 0.8.1 97.48 388.78 486.26 OK
r-devel-linux-x86_64-fedora-clang 0.8.1 680.10 NOTE
r-devel-linux-x86_64-fedora-gcc 0.8.1 702.77 OK
r-devel-windows-x86_64-new-UL 0.8.1 203.00 462.00 665.00 OK
r-devel-windows-x86_64-new-TK 0.8.1 OK
r-devel-windows-x86_64-old 0.8.1 185.00 281.00 466.00 OK
r-patched-linux-x86_64 0.8.1 114.48 423.03 537.51 OK
r-patched-solaris-x86 0.8.1 526.40 OK
r-release-linux-x86_64 0.8.1 116.49 428.06 544.55 OK
r-release-macos-arm64 0.8.1 NOTE
r-release-macos-x86_64 0.8.1 NOTE
r-release-windows-ix86+x86_64 0.8.1 328.00 563.00 891.00 OK
r-oldrel-macos-x86_64 0.8.1 NOTE
r-oldrel-windows-ix86+x86_64 0.8.1 244.00 420.00 664.00 OK

Check Details

Version: 0.8.1
Check: installed package size
Result: NOTE
     installed size is 8.2Mb
     sub-directories of 1Mb or more:
     libs 7.0Mb
Flavors: r-devel-linux-x86_64-fedora-clang, r-release-macos-arm64, r-release-macos-x86_64, r-oldrel-macos-x86_64