CRAN Package Check Results for Package CLVTools

Last updated on 2024-02-23 19:48:42 CET.

Flavor Version Tinstall Tcheck Ttotal Status Flags
r-devel-linux-x86_64-debian-clang 0.10.0 OK
r-devel-linux-x86_64-debian-gcc 0.10.0 150.59 431.48 582.07 OK
r-devel-linux-x86_64-fedora-clang 0.10.0 691.61 OK
r-devel-linux-x86_64-fedora-gcc 0.10.0 800.73 OK
r-devel-windows-x86_64 0.10.0 147.00 350.00 497.00 OK
r-patched-linux-x86_64 0.10.0 135.30 437.91 573.21 OK
r-release-linux-x86_64 0.10.0 134.29 454.08 588.37 OK
r-release-macos-arm64 0.10.0 188.00 NOTE
r-release-macos-x86_64 0.10.0 347.00 NOTE
r-release-windows-x86_64 0.10.0 186.00 427.00 613.00 OK
r-oldrel-macos-arm64 0.10.0 195.00 NOTE
r-oldrel-windows-x86_64 0.10.0 185.00 405.00 590.00 OK

Check Details

Version: 0.10.0
Check: installed package size
Result: NOTE installed size is 16.0Mb sub-directories of 1Mb or more: libs 14.5Mb Flavors: r-release-macos-arm64, r-release-macos-x86_64, r-oldrel-macos-arm64