Last updated on 2023-12-10 19:49:07 CET.
Flavor | Version | Tinstall | Tcheck | Ttotal | Status | Flags |
---|---|---|---|---|---|---|
r-devel-linux-x86_64-debian-clang | 0.1.3 | 11.00 | 95.59 | 106.59 | OK | |
r-devel-linux-x86_64-debian-gcc | 0.1.3 | 8.60 | 70.95 | 79.55 | OK | |
r-devel-linux-x86_64-fedora-clang | 0.1.3 | 128.70 | NOTE | |||
r-devel-linux-x86_64-fedora-gcc | 0.1.3 | 122.25 | NOTE | |||
r-devel-windows-x86_64 | 0.1.3 | 10.00 | 88.00 | 98.00 | OK | |
r-patched-linux-x86_64 | 0.1.3 | 7.08 | 90.42 | 97.50 | OK | |
r-release-linux-x86_64 | 0.1.3 | 8.15 | 91.18 | 99.33 | OK | |
r-release-macos-arm64 | 0.1.3 | 42.00 | OK | |||
r-release-macos-x86_64 | 0.1.3 | 59.00 | OK | |||
r-release-windows-x86_64 | 0.1.3 | 13.00 | 100.00 | 113.00 | OK | |
r-oldrel-macos-arm64 | 0.1.3 | 36.00 | NOTE | |||
r-oldrel-macos-x86_64 | 0.1.3 | 53.00 | NOTE | |||
r-oldrel-windows-x86_64 | 0.1.3 | 14.00 | 100.00 | 114.00 | OK |
Version: 0.1.3
Check: data for non-ASCII characters
Result: NOTE
Note: found 28982 marked UTF-8 strings
Flavors: r-devel-linux-x86_64-fedora-clang, r-devel-linux-x86_64-fedora-gcc, r-oldrel-macos-arm64, r-oldrel-macos-x86_64