CRAN Package Check Results for Package CIAAWconsensus

Last updated on 2021-12-03 19:50:06 CET.

Flavor Version Tinstall Tcheck Ttotal Status Flags
r-devel-linux-x86_64-debian-clang 1.3 2.58 34.41 36.99 OK
r-devel-linux-x86_64-debian-gcc 1.3 2.15 26.54 28.69 OK
r-devel-linux-x86_64-fedora-clang 1.3 55.65 NOTE
r-devel-linux-x86_64-fedora-gcc 1.3 46.79 NOTE
r-devel-windows-x86_64-new-UL 1.3 7.00 75.00 82.00 OK
r-devel-windows-x86_64-new-TK 1.3 NOTE
r-devel-windows-x86_64-old 1.3 6.00 41.00 47.00 OK
r-patched-linux-x86_64 1.3 2.71 33.56 36.27 OK
r-release-linux-x86_64 1.3 2.01 32.59 34.60 OK
r-release-macos-arm64 1.3 NOTE
r-release-macos-x86_64 1.3 NOTE
r-release-windows-ix86+x86_64 1.3 6.00 53.00 59.00 OK
r-oldrel-macos-x86_64 1.3 NOTE
r-oldrel-windows-ix86+x86_64 1.3 7.00 57.00 64.00 OK

Check Details

Version: 1.3
Check: dependencies in R code
Result: NOTE
    Namespaces in Imports field not imported from:
     ‘Matrix’ ‘stringr’
     All declared Imports should be used.
Flavors: r-devel-linux-x86_64-fedora-clang, r-devel-linux-x86_64-fedora-gcc, r-devel-windows-x86_64-new-TK, r-release-macos-arm64, r-release-macos-x86_64, r-oldrel-macos-x86_64