CRAN Package Check Results for Package CDM

Last updated on 2021-10-17 12:52:38 CEST.

Flavor Version Tinstall Tcheck Ttotal Status Flags
r-devel-linux-x86_64-debian-clang 7.5-15 155.32 157.84 313.16 OK
r-devel-linux-x86_64-debian-gcc 7.5-15 111.72 116.58 228.30 OK
r-devel-linux-x86_64-fedora-clang 7.5-15 469.76 NOTE
r-devel-linux-x86_64-fedora-gcc 7.5-15 402.74 OK
r-devel-windows-x86_64 7.5-15 215.00 201.00 416.00 OK
r-devel-windows-x86_64-gcc10-UCRT 7.5-15 OK
r-patched-linux-x86_64 7.5-15 132.11 153.54 285.65 OK
r-patched-solaris-x86 7.5-15 386.60 OK
r-release-linux-x86_64 7.5-15 135.23 153.07 288.30 OK
r-release-macos-arm64 7.5-15 NOTE
r-release-macos-x86_64 7.5-15 NOTE
r-release-windows-ix86+x86_64 7.5-15 288.00 234.00 522.00 NOTE
r-oldrel-macos-x86_64 7.5-15 NOTE
r-oldrel-windows-ix86+x86_64 7.5-15 386.00 245.00 631.00 NOTE

Check Details

Version: 7.5-15
Check: installed package size
Result: NOTE
     installed size is 6.1Mb
     sub-directories of 1Mb or more:
     data 1.3Mb
     libs 3.3Mb
Flavors: r-devel-linux-x86_64-fedora-clang, r-release-macos-arm64, r-release-macos-x86_64, r-release-windows-ix86+x86_64, r-oldrel-macos-x86_64, r-oldrel-windows-ix86+x86_64

Version: 7.5-15
Check: Rd cross-references
Result: NOTE
    Undeclared package ‘car’ in Rd xrefs
Flavor: r-devel-linux-x86_64-fedora-clang