CRAN Package Check Results for Package CB2

Last updated on 2024-02-24 07:51:18 CET.

Flavor Version Tinstall Tcheck Ttotal Status Flags
r-devel-linux-x86_64-debian-clang 1.3.4 46.67 98.11 144.78 NOTE
r-devel-linux-x86_64-debian-gcc 1.3.4 38.03 74.32 112.35 NOTE
r-devel-linux-x86_64-fedora-clang 1.3.4 183.02 NOTE
r-devel-linux-x86_64-fedora-gcc 1.3.4 195.25 NOTE
r-devel-windows-x86_64 1.3.4 38.00 202.00 240.00 NOTE
r-patched-linux-x86_64 1.3.4 42.42 95.07 137.49 NOTE
r-release-linux-x86_64 1.3.4 37.33 95.12 132.45 NOTE
r-release-macos-arm64 1.3.4 59.00 NOTE
r-release-macos-x86_64 1.3.4 99.00 NOTE
r-release-windows-x86_64 1.3.4 50.00 974.00 1024.00 NOTE
r-oldrel-macos-arm64 1.3.4 58.00 NOTE
r-oldrel-windows-x86_64 1.3.4 49.00 1106.00 1155.00 OK

Check Details

Version: 1.3.4
Check: C++ specification
Result: NOTE Specified C++11: please drop specification unless essential Flavors: r-devel-linux-x86_64-debian-clang, r-devel-linux-x86_64-debian-gcc, r-devel-linux-x86_64-fedora-clang, r-devel-linux-x86_64-fedora-gcc, r-devel-windows-x86_64, r-patched-linux-x86_64, r-release-linux-x86_64, r-release-macos-arm64, r-release-macos-x86_64, r-release-windows-x86_64

Version: 1.3.4
Check: installed package size
Result: NOTE installed size is 6.6Mb sub-directories of 1Mb or more: data 1.6Mb extdata 1.1Mb libs 3.4Mb Flavors: r-release-macos-arm64, r-release-macos-x86_64, r-oldrel-macos-arm64