CRAN Package Check Results for Package CB2

Last updated on 2021-11-29 07:51:05 CET.

Flavor Version Tinstall Tcheck Ttotal Status Flags
r-devel-linux-x86_64-debian-clang 1.3.4 OK
r-devel-linux-x86_64-debian-gcc 1.3.4 32.75 65.32 98.07 OK
r-devel-linux-x86_64-fedora-clang 1.3.4 184.58 NOTE
r-devel-linux-x86_64-fedora-gcc 1.3.4 169.71 OK
r-devel-windows-x86_64-new-UL 1.3.4 58.00 875.00 933.00 OK
r-devel-windows-x86_64-new-TK 1.3.4 OK
r-devel-windows-x86_64-old 1.3.4 53.00 120.00 173.00 OK
r-patched-linux-x86_64 1.3.4 40.11 85.59 125.70 OK
r-patched-solaris-x86 1.3.4 187.10 OK
r-release-linux-x86_64 1.3.4 36.67 86.00 122.67 OK
r-release-macos-arm64 1.3.4 NOTE
r-release-macos-x86_64 1.3.4 NOTE
r-release-windows-ix86+x86_64 1.3.4 102.00 210.00 312.00 NOTE
r-oldrel-macos-x86_64 1.3.4 NOTE
r-oldrel-windows-ix86+x86_64 1.3.4 102.00 182.00 284.00 NOTE

Check Details

Version: 1.3.4
Check: installed package size
Result: NOTE
     installed size is 5.8Mb
     sub-directories of 1Mb or more:
     data 1.6Mb
     extdata 1.1Mb
     libs 2.5Mb
Flavors: r-devel-linux-x86_64-fedora-clang, r-release-macos-arm64, r-release-macos-x86_64, r-release-windows-ix86+x86_64, r-oldrel-macos-x86_64, r-oldrel-windows-ix86+x86_64