CRAN Package Check Results for Package CAST

Last updated on 2020-10-30 08:48:59 CET.

Flavor Version Tinstall Tcheck Ttotal Status Flags
r-devel-linux-x86_64-debian-clang 0.4.2 13.46 274.08 287.54 OK
r-devel-linux-x86_64-debian-gcc 0.4.2 11.89 210.29 222.18 OK
r-devel-linux-x86_64-fedora-clang 0.4.2 367.26 OK
r-devel-linux-x86_64-fedora-gcc 0.4.2 355.98 OK
r-devel-windows-ix86+x86_64 0.4.2 35.00 326.00 361.00 OK
r-patched-linux-x86_64 0.4.2 13.39 260.32 273.71 OK
r-patched-solaris-x86 0.4.2 490.80 NOTE
r-release-linux-x86_64 0.4.2 14.63 261.71 276.34 OK
r-release-macos-x86_64 0.4.2 OK
r-release-windows-ix86+x86_64 0.4.2 28.00 244.00 272.00 OK
r-oldrel-macos-x86_64 0.4.2 OK
r-oldrel-windows-ix86+x86_64 0.4.2 30.00 298.00 328.00 OK

Check Details

Version: 0.4.2
Check: installed package size
Result: NOTE
     installed size is 5.2Mb
     sub-directories of 1Mb or more:
     doc 3.3Mb
     extdata 1.8Mb
Flavor: r-patched-solaris-x86