CRAN Package Check Results for Package CAMAN

Last updated on 2021-12-04 07:50:16 CET.

Flavor Version Tinstall Tcheck Ttotal Status Flags
r-devel-linux-x86_64-debian-clang 0.74 25.87 57.08 82.95 OK
r-devel-linux-x86_64-debian-gcc 0.74 16.15 50.64 66.79 OK
r-devel-linux-x86_64-fedora-clang 0.74 118.11 NOTE
r-devel-linux-x86_64-fedora-gcc 0.74 100.96 NOTE
r-devel-windows-x86_64-new-UL 0.74 36.00 118.00 154.00 OK
r-devel-windows-x86_64-new-TK 0.74 OK
r-devel-windows-x86_64-old 0.74 30.00 70.00 100.00 OK
r-patched-linux-x86_64 0.74 17.78 56.60 74.38 OK
r-release-linux-x86_64 0.74 16.57 55.44 72.01 OK
r-release-macos-arm64 0.74 OK
r-release-macos-x86_64 0.74 OK
r-release-windows-ix86+x86_64 0.74 47.00 118.00 165.00 OK
r-oldrel-macos-x86_64 0.74 OK
r-oldrel-windows-ix86+x86_64 0.74 47.00 115.00 162.00 OK

Check Details

Version: 0.74
Check: compiled code
Result: NOTE
    File ‘CAMAN/libs/CAMAN.so’:
     Found no calls to: ‘R_registerRoutines’, ‘R_useDynamicSymbols’
    
    It is good practice to register native routines and to disable symbol
    search.
    
    See ‘Writing portable packages’ in the ‘Writing R Extensions’ manual.
Flavors: r-devel-linux-x86_64-fedora-clang, r-devel-linux-x86_64-fedora-gcc