CRAN Package Check Results for Package CALIBERrfimpute

Last updated on 2021-11-28 19:48:47 CET.

Flavor Version Tinstall Tcheck Ttotal Status Flags
r-devel-linux-x86_64-debian-clang 1.0-6 OK
r-devel-linux-x86_64-debian-gcc 1.0-6 4.90 71.52 76.42 OK
r-devel-linux-x86_64-fedora-clang 1.0-6 128.93 OK
r-devel-linux-x86_64-fedora-gcc 1.0-6 63.86 OK
r-devel-windows-x86_64-new-UL 1.0-5 16.00 241.00 257.00 WARN
r-devel-windows-x86_64-new-TK 1.0-5 OK
r-devel-windows-x86_64-old 1.0-6 11.00 119.00 130.00 OK
r-patched-linux-x86_64 1.0-5 6.08 174.70 180.78 WARN
r-patched-solaris-x86 1.0-6 107.60 WARN
r-release-linux-x86_64 1.0-6 6.07 63.93 70.00 WARN
r-release-macos-arm64 1.0-6 OK
r-release-macos-x86_64 1.0-6 OK
r-release-windows-ix86+x86_64 1.0-5 16.00 160.00 176.00 OK
r-oldrel-macos-x86_64 1.0-6 OK
r-oldrel-windows-ix86+x86_64 1.0-5 27.00 246.00 273.00 OK

Check Details

Version: 1.0-5
Check: re-building of vignette outputs
Result: WARN
    Error(s) in re-building vignettes:
    --- re-building 'simstudy_survival.Rnw' using Sweave
    Loading required package: mice
    
    Attaching package: 'mice'
    
    The following object is masked from 'package:stats':
    
     filter
    
    The following objects are masked from 'package:base':
    
     cbind, rbind
    
    Loading required package: randomForest
    randomForest 4.6-14
    Type rfNews() to see new features/changes/bug fixes.
    Loading required package: foreach
    Loading required package: itertools
    Loading required package: iterators
    
    Error: processing vignette 'simstudy_survival.Rnw' failed with diagnostics:
     chunk 14
    Error in if (x < 0.001) { : missing value where TRUE/FALSE needed
    
    --- failed re-building 'simstudy_survival.Rnw'
    
    SUMMARY: processing the following file failed:
     'simstudy_survival.Rnw'
    
    Error: Vignette re-building failed.
    Execution halted
Flavor: r-devel-windows-x86_64-new-UL

Version: 1.0-5
Check: re-building of vignette outputs
Result: WARN
    Error(s) in re-building vignettes:
     ...
    --- re-building ‘simstudy_survival.Rnw’ using Sweave
    Loading required package: mice
    
    Attaching package: ‘mice’
    
    The following object is masked from ‘package:stats’:
    
     filter
    
    The following objects are masked from ‘package:base’:
    
     cbind, rbind
    
    Loading required package: randomForest
    randomForest 4.6-14
    Type rfNews() to see new features/changes/bug fixes.
    Loading required package: foreach
    Loading required package: itertools
    Loading required package: iterators
    
    Error: processing vignette 'simstudy_survival.Rnw' failed with diagnostics:
     chunk 14
    Error in if (x < 0.001) { : missing value where TRUE/FALSE needed
    
    --- failed re-building ‘simstudy_survival.Rnw’
    
    SUMMARY: processing the following file failed:
     ‘simstudy_survival.Rnw’
    
    Error: Vignette re-building failed.
    Execution halted
Flavor: r-patched-linux-x86_64

Version: 1.0-6
Check: re-building of vignette outputs
Result: WARN
    Error(s) in re-building vignettes:
     ...
    --- re-building ‘simstudy_survival.Rnw’ using Sweave
    Loading required package: mice
    
    Attaching package: ‘mice’
    
    The following object is masked from ‘package:stats’:
    
     filter
    
    The following objects are masked from ‘package:base’:
    
     cbind, rbind
    
    Loading required package: randomForest
    randomForest 4.6-14
    Type rfNews() to see new features/changes/bug fixes.
    Loading required package: foreach
    Loading required package: itertools
    Loading required package: iterators
    Warning in parallel::mclapply(1:N, doanalysis) :
     all scheduled cores encountered errors in user code
    
    Error: processing vignette 'simstudy_survival.Rnw' failed with diagnostics:
     chunk 9
    Error in x[[method]] : subscript out of bounds
    
    --- failed re-building ‘simstudy_survival.Rnw’
    
    SUMMARY: processing the following file failed:
     ‘simstudy_survival.Rnw’
    
    Error: Vignette re-building failed.
    Execution halted
Flavors: r-patched-solaris-x86, r-release-linux-x86_64