Last updated on 2023-03-30 20:49:06 CEST.
Flavor | Version | Tinstall | Tcheck | Ttotal | Status | Flags |
---|---|---|---|---|---|---|
r-devel-linux-x86_64-debian-clang | 1.0.12 | 8.26 | 62.82 | 71.08 | OK | |
r-devel-linux-x86_64-debian-gcc | 1.0.12 | 6.44 | 47.00 | 53.44 | OK | |
r-devel-linux-x86_64-fedora-clang | 1.0.12 | 88.05 | OK | |||
r-devel-linux-x86_64-fedora-gcc | 1.0.12 | 101.66 | OK | |||
r-devel-windows-x86_64 | 1.0.12 | 33.00 | 90.00 | 123.00 | OK | |
r-patched-linux-x86_64 | 1.0.12 | 8.13 | 59.45 | 67.58 | OK | |
r-release-linux-x86_64 | 1.0.12 | 7.64 | 61.27 | 68.91 | OK | |
r-release-macos-arm64 | 1.0.12 | 32.00 | OK | |||
r-release-macos-x86_64 | 1.0.12 | 45.00 | OK | |||
r-release-windows-x86_64 | 1.0.12 | 32.00 | 98.00 | 130.00 | OK | |
r-oldrel-macos-arm64 | 1.0.12 | 36.00 | OK | |||
r-oldrel-macos-x86_64 | 1.0.12 | 48.00 | OK | |||
r-oldrel-windows-ix86+x86_64 | 1.0.12 | 20.00 | 89.00 | 109.00 | NOTE |
Version: 1.0.12
Check: dependencies in R code
Result: NOTE
Initiating curl with CURL_SSL_BACKEND: openssl
Flavor: r-oldrel-windows-ix86+x86_64