CRAN Package Check Results for Package CALANGO

Last updated on 2021-11-29 07:51:05 CET.

Flavor Version Tinstall Tcheck Ttotal Status Flags
r-devel-linux-x86_64-debian-clang 1.0.5 OK
r-devel-linux-x86_64-debian-gcc 1.0.5 6.15 45.57 51.72 OK
r-devel-linux-x86_64-fedora-clang 1.0.5 94.36 OK
r-devel-linux-x86_64-fedora-gcc 1.0.5 80.77 OK
r-devel-windows-x86_64-new-UL 1.0.5 16.00 103.00 119.00 OK
r-devel-windows-x86_64-new-TK 1.0.5 OK
r-devel-windows-x86_64-old 1.0.5 12.00 71.00 83.00 OK
r-patched-linux-x86_64 1.0.5 8.92 55.62 64.54 OK
r-patched-solaris-x86 1.0.5 112.80 OK
r-release-linux-x86_64 1.0.5 7.62 55.94 63.56 OK
r-release-macos-arm64 1.0.5 OK
r-release-macos-x86_64 1.0.5 NOTE
r-release-windows-ix86+x86_64 1.0.5 19.00 79.00 98.00 OK
r-oldrel-macos-x86_64 1.0.5 NOTE
r-oldrel-windows-ix86+x86_64 1.0.5 19.00 82.00 101.00 OK

Check Details

Version: 1.0.5
Check: package dependencies
Result: NOTE
    Package suggested but not available for checking: ‘GO.db’
Flavor: r-release-macos-x86_64

Version: 1.0.5
Check: package dependencies
Result: NOTE
    Package suggested but not available for checking: ‘KEGGREST’
Flavor: r-oldrel-macos-x86_64