CRAN Package Check Results for Package CAISEr

Last updated on 2021-09-23 20:52:10 CEST.

Flavor Version Tinstall Tcheck Ttotal Status Flags
r-devel-linux-x86_64-debian-clang 1.0.16 3.39 123.21 126.60 NOTE
r-devel-linux-x86_64-debian-gcc 1.0.16 3.16 93.96 97.12 NOTE
r-devel-linux-x86_64-fedora-clang 1.0.16 156.51 NOTE
r-devel-linux-x86_64-fedora-gcc 1.0.16 145.03 NOTE
r-devel-windows-x86_64 1.0.16 5.00 136.00 141.00 NOTE
r-devel-windows-x86_64-gcc10-UCRT 1.0.16 NOTE
r-patched-linux-x86_64 1.0.16 4.14 60.19 64.33 NOTE
r-patched-solaris-x86 1.0.16 110.00 NOTE
r-release-linux-x86_64 1.0.16 3.88 61.62 65.50 NOTE
r-release-macos-arm64 1.0.16 NOTE
r-release-macos-x86_64 1.0.16 NOTE
r-release-windows-ix86+x86_64 1.0.16 8.00 88.00 96.00 NOTE
r-oldrel-macos-x86_64 1.0.16 OK
r-oldrel-windows-ix86+x86_64 1.0.16 7.00 64.00 71.00 OK

Check Details

Version: 1.0.16
Check: LazyData
Result: NOTE
     'LazyData' is specified without a 'data' directory
Flavors: r-devel-linux-x86_64-debian-clang, r-devel-linux-x86_64-debian-gcc, r-devel-linux-x86_64-fedora-clang, r-devel-linux-x86_64-fedora-gcc, r-devel-windows-x86_64, r-devel-windows-x86_64-gcc10-UCRT, r-patched-linux-x86_64, r-patched-solaris-x86, r-release-linux-x86_64, r-release-macos-arm64, r-release-macos-x86_64, r-release-windows-ix86+x86_64