CRAN Package Check Results for Package BsMD

Last updated on 2021-09-22 08:49:59 CEST.

Flavor Version Tinstall Tcheck Ttotal Status Flags
r-devel-linux-x86_64-debian-clang 2020.4.30 4.98 45.52 50.50 OK
r-devel-linux-x86_64-debian-gcc 2020.4.30 4.25 34.09 38.34 OK
r-devel-linux-x86_64-fedora-clang 2020.4.30 73.50 OK
r-devel-linux-x86_64-fedora-gcc 2020.4.30 61.12 OK
r-devel-windows-x86_64 2020.4.30 11.00 49.00 60.00 OK
r-devel-windows-x86_64-gcc10-UCRT 2020.4.30 ERROR
r-patched-linux-x86_64 2020.4.30 5.35 44.47 49.82 OK
r-patched-solaris-x86 2020.4.30 105.70 OK
r-release-linux-x86_64 2020.4.30 4.88 44.53 49.41 OK
r-release-macos-arm64 2020.4.30 OK
r-release-macos-x86_64 2020.4.30 OK
r-release-windows-ix86+x86_64 2020.4.30 15.00 71.00 86.00 OK
r-oldrel-macos-x86_64 2020.4.30 OK
r-oldrel-windows-ix86+x86_64 2020.4.30 11.00 73.00 84.00 OK

Check Details

Version: 2020.4.30
Check: whether package can be installed
Result: ERROR
    Installation failed.
Flavor: r-devel-windows-x86_64-gcc10-UCRT