CRAN Package Check Results for Package BrailleR

Last updated on 2019-08-21 10:47:23 CEST.

Flavor Version Tinstall Tcheck Ttotal Status Flags
r-devel-linux-x86_64-debian-clang 0.29.1 18.88 230.69 249.57 NOTE
r-devel-linux-x86_64-debian-gcc 0.29.1 15.85 173.01 188.86 NOTE
r-devel-linux-x86_64-fedora-clang 0.29.1 293.85 NOTE
r-devel-linux-x86_64-fedora-gcc 0.29.1 292.74 NOTE
r-devel-windows-ix86+x86_64 0.29.1 48.00 333.00 381.00 OK
r-patched-linux-x86_64 0.29.1 16.57 221.59 238.16 NOTE
r-patched-solaris-x86 0.29.1 349.90 NOTE
r-release-linux-x86_64 0.29.1 17.78 219.25 237.03 NOTE
r-release-windows-ix86+x86_64 0.29.1 28.00 219.00 247.00 OK
r-release-osx-x86_64 0.29.1 NOTE
r-oldrel-windows-ix86+x86_64 0.29.1 36.00 272.00 308.00 OK
r-oldrel-osx-x86_64 0.29.1 OK

Check Details

Version: 0.29.1
Check: package dependencies
Result: NOTE
    Package suggested but not available for checking: 'installr'
Flavors: r-devel-linux-x86_64-debian-clang, r-devel-linux-x86_64-debian-gcc, r-devel-linux-x86_64-fedora-clang, r-devel-linux-x86_64-fedora-gcc, r-patched-linux-x86_64, r-patched-solaris-x86, r-release-linux-x86_64, r-release-osx-x86_64

Version: 0.29.1
Check: for non-standard things in the check directory
Result: NOTE
    Found the following files/directories:
     'Ozone' 'Ozone-UniDesc.R' 'Ozone-UniDesc.Rmd' 'Ozone-UniDesc.html'
     'Ozone.Month-OneFactor.R' 'Ozone.Month-OneFactor.Rmd'
     'Ozone.Month-OneFactor.html' 'Ozone.Wind-OnePredictor.R'
     'Ozone.Wind-OnePredictor.Rmd' 'Ozone.Wind-OnePredictor.html'
     'Ozone.Wind.lm.Validity' 'Ozone.Wind.lm.Validity.R'
     'Ozone.Wind.lm.Validity.Rmd' 'Ozone.Wind.lm.Validity.html'
     'Resp.And3Factors' 'Resp.And3Factors.R' 'Resp.And3Factors.Rmd'
     'Resp.And3Factors.html' 'TG' 'TG_Unb' 'airquality' 'airquality2'
     'len.supp.dose-TwoFactorsNoInt.R' 'len.supp.dose-TwoFactorsNoInt.Rmd'
     'len.supp.dose-TwoFactorsNoInt.html'
     'len.supp.dose-TwoFactorsWithInt.R'
     'len.supp.dose-TwoFactorsWithInt.Rmd'
     'len.supp.dose-TwoFactorsWithInt.html'
Flavors: r-devel-linux-x86_64-debian-clang, r-devel-linux-x86_64-debian-gcc, r-devel-linux-x86_64-fedora-clang, r-devel-linux-x86_64-fedora-gcc