Last updated on 2022-07-02 21:52:10 CEST.
Flavor | Version | Tinstall | Tcheck | Ttotal | Status | Flags |
---|---|---|---|---|---|---|
r-devel-linux-x86_64-debian-clang | 1.1-2 | 13.13 | 119.39 | 132.52 | OK | |
r-devel-linux-x86_64-debian-gcc | 1.1-2 | 9.65 | 90.53 | 100.18 | OK | |
r-devel-linux-x86_64-fedora-clang | 1.1-2 | 175.15 | WARN | |||
r-devel-linux-x86_64-fedora-gcc | 1.1-2 | 171.90 | WARN | |||
r-devel-windows-x86_64 | 1.1-2 | 17.00 | 164.00 | 181.00 | OK | |
r-patched-linux-x86_64 | 1.1-2 | 13.39 | 113.91 | 127.30 | OK | |
r-release-linux-x86_64 | 1.1-2 | 10.65 | 114.31 | 124.96 | OK | |
r-release-macos-arm64 | 1.1-2 | 53.00 | OK | |||
r-release-macos-x86_64 | 1.1-2 | 91.00 | OK | |||
r-release-windows-x86_64 | 1.1-2 | 66.00 | 167.00 | 233.00 | OK | |
r-oldrel-macos-arm64 | 1.1-2 | 64.00 | OK | |||
r-oldrel-macos-x86_64 | 1.1-2 | 94.00 | OK | |||
r-oldrel-windows-ix86+x86_64 | 1.1-2 | 25.00 | 144.00 | 169.00 | OK |
Version: 1.1-2
Check: package dependencies
Result: WARN
Requires orphaned package: ‘gtools’
Flavors: r-devel-linux-x86_64-fedora-clang, r-devel-linux-x86_64-fedora-gcc