CRAN Package Check Results for Package Boptbd

Last updated on 2021-09-20 08:50:05 CEST.

Flavor Version Tinstall Tcheck Ttotal Status Flags
r-devel-linux-x86_64-debian-clang 1.0.5 9.69 67.86 77.55 OK
r-devel-linux-x86_64-debian-gcc 1.0.5 5.58 52.92 58.50 OK
r-devel-linux-x86_64-fedora-clang 1.0.5 105.90 OK
r-devel-linux-x86_64-fedora-gcc 1.0.5 92.04 OK
r-devel-windows-x86_64 1.0.5 10.00 70.00 80.00 OK
r-devel-windows-x86_64-gcc10-UCRT 1.0.5 ERROR
r-patched-linux-x86_64 1.0.5 10.71 66.52 77.23 OK
r-patched-solaris-x86 1.0.5 144.90 OK
r-release-linux-x86_64 1.0.5 9.13 66.53 75.66 OK
r-release-macos-arm64 1.0.5 OK
r-release-macos-x86_64 1.0.5 OK
r-release-windows-ix86+x86_64 1.0.5 19.00 87.00 106.00 OK
r-oldrel-macos-x86_64 1.0.5 OK
r-oldrel-windows-ix86+x86_64 1.0.5 18.00 67.00 85.00 OK

Check Details

Version: 1.0.5
Check: whether package can be installed
Result: WARN
    Found the following significant warnings:
     WARNING: installation-time patches will not be applied, could not get the patches index
Flavor: r-devel-windows-x86_64-gcc10-UCRT

Version: 1.0.5
Check: PDF version of manual
Result: WARN
    LaTeX errors when creating PDF version.
    This typically indicates Rd problems.
Flavor: r-devel-windows-x86_64-gcc10-UCRT

Version: 1.0.5
Check: PDF version of manual without hyperrefs or index
Result: ERROR
    Re-running with no redirection of stdout/stderr.
Flavor: r-devel-windows-x86_64-gcc10-UCRT