CRAN Package Check Results for Package BoolNet

Last updated on 2020-07-14 09:50:20 CEST.

Flavor Version Tinstall Tcheck Ttotal Status Flags
r-devel-linux-x86_64-debian-clang 2.1.5 27.25 183.77 211.02 NOTE
r-devel-linux-x86_64-debian-gcc 2.1.5 17.12 134.31 151.43 NOTE
r-devel-linux-x86_64-fedora-clang 2.1.5 224.89 NOTE
r-devel-linux-x86_64-fedora-gcc 2.1.5 279.32 NOTE
r-devel-windows-ix86+x86_64 2.1.5 74.00 225.00 299.00 OK
r-patched-linux-x86_64 2.1.5 22.80 182.21 205.01 NOTE
r-patched-solaris-x86 2.1.5 147.30 WARN
r-release-linux-x86_64 2.1.5 22.40 180.32 202.72 NOTE
r-release-macos-x86_64 2.1.5 ERROR
r-release-windows-ix86+x86_64 2.1.5 70.00 183.00 253.00 OK
r-oldrel-macos-x86_64 2.1.5 OK
r-oldrel-windows-ix86+x86_64 2.1.5 69.00 230.00 299.00 OK

Additional issues

clang-UBSAN

Check Details

Version: 2.1.5
Check: for non-standard things in the check directory
Result: NOTE
    Found the following files/directories:
     'attractors.tex' 'cellcycle.sbml' 'cellcycle.txt' 'pajek_export.net'
     'sequence.txt' 'testNet.bn'
Flavors: r-devel-linux-x86_64-debian-clang, r-devel-linux-x86_64-debian-gcc, r-devel-linux-x86_64-fedora-clang, r-devel-linux-x86_64-fedora-gcc, r-patched-linux-x86_64, r-patched-solaris-x86, r-release-linux-x86_64

Version: 2.1.5
Check: re-building of vignette outputs
Result: WARN
    Error(s) in re-building vignettes:
     ...
    --- re-building ‘BoolNet_package_vignette.Snw.Rnw’ using Sweave
    
    Error: processing vignette 'BoolNet_package_vignette.Snw.Rnw' failed with diagnostics:
     chunk 13
    Error in net$interactions[[idx]][[functionIndices[idx]]] :
     subscript out of bounds
    
    --- failed re-building ‘BoolNet_package_vignette.Snw.Rnw’
    
    SUMMARY: processing the following file failed:
     ‘BoolNet_package_vignette.Snw.Rnw’
    
    Error: Vignette re-building failed.
    Execution halted
Flavor: r-patched-solaris-x86

Version: 2.1.5
Check: whether package can be installed
Result: ERROR
    Installation failed.
Flavor: r-release-macos-x86_64