CRAN Package Check Results for Package BivUnifBin

Last updated on 2021-09-20 08:50:04 CEST.

Flavor Version Tinstall Tcheck Ttotal Status Flags
r-devel-linux-x86_64-debian-clang 1.3.3 7.89 58.56 66.45 OK
r-devel-linux-x86_64-debian-gcc 1.3.3 6.29 45.11 51.40 OK
r-devel-linux-x86_64-fedora-clang 1.3.3 92.21 OK
r-devel-linux-x86_64-fedora-gcc 1.3.3 77.21 OK
r-devel-windows-x86_64 1.3.3 7.00 56.00 63.00 OK
r-devel-windows-x86_64-gcc10-UCRT 1.3.3 ERROR
r-patched-linux-x86_64 1.3.3 7.88 55.86 63.74 OK
r-patched-solaris-x86 1.3.3 116.00 OK
r-release-linux-x86_64 1.3.3 7.97 56.43 64.40 OK
r-release-macos-arm64 1.3.3 OK
r-release-macos-x86_64 1.3.3 OK
r-release-windows-ix86+x86_64 1.3.3 16.00 78.00 94.00 OK
r-oldrel-macos-x86_64 1.3.3 OK
r-oldrel-windows-ix86+x86_64 1.3.3 15.00 61.00 76.00 OK

Check Details

Version: 1.3.3
Check: whether package can be installed
Result: WARN
    Found the following significant warnings:
     WARNING: installation-time patches will not be applied, could not get the patches index
Flavor: r-devel-windows-x86_64-gcc10-UCRT

Version: 1.3.3
Check: PDF version of manual
Result: WARN
    LaTeX errors when creating PDF version.
    This typically indicates Rd problems.
Flavor: r-devel-windows-x86_64-gcc10-UCRT

Version: 1.3.3
Check: PDF version of manual without hyperrefs or index
Result: ERROR
    Re-running with no redirection of stdout/stderr.
Flavor: r-devel-windows-x86_64-gcc10-UCRT