CRAN Package Check Results for Package Bios2cor

Last updated on 2020-07-14 09:50:20 CEST.

Flavor Version Tinstall Tcheck Ttotal Status Flags
r-devel-linux-x86_64-debian-clang 2.1 6.98 116.84 123.82 OK
r-devel-linux-x86_64-debian-gcc 2.1 5.50 83.58 89.08 OK
r-devel-linux-x86_64-fedora-clang 2.1 150.17 OK
r-devel-linux-x86_64-fedora-gcc 2.1 147.32 OK
r-devel-windows-ix86+x86_64 2.1 19.00 165.00 184.00 OK
r-patched-linux-x86_64 2.1 5.82 114.57 120.39 OK
r-patched-solaris-x86 2.1 195.90 OK
r-release-linux-x86_64 2.1 6.88 113.95 120.83 OK
r-release-macos-x86_64 2.1 ERROR
r-release-windows-ix86+x86_64 2.1 18.00 118.00 136.00 OK
r-oldrel-macos-x86_64 2.1 OK
r-oldrel-windows-ix86+x86_64 2.1 15.00 161.00 176.00 OK

Check Details

Version: 2.1
Check: whether package can be installed
Result: ERROR
    Installation failed.
Flavor: r-release-macos-x86_64