CRAN Package Check Results for Package BioMedR

Last updated on 2020-09-23 13:04:46 CEST.

Flavor Version Tinstall Tcheck Ttotal Status Flags
r-devel-linux-x86_64-debian-clang 1.2.1 32.59 310.38 342.97 OK
r-devel-linux-x86_64-debian-gcc 1.2.1 27.07 233.58 260.65 OK
r-devel-linux-x86_64-fedora-clang 1.2.1 407.38 OK
r-devel-linux-x86_64-fedora-gcc 1.2.1 467.65 OK
r-devel-windows-ix86+x86_64 1.2.1 69.00 375.00 444.00 OK
r-patched-linux-x86_64 1.2.1 25.80 291.59 317.39 OK
r-release-linux-x86_64 1.2.1 24.90 288.66 313.56 OK
r-release-macos-x86_64 1.2.1 ERROR
r-release-windows-ix86+x86_64 1.2.1 55.00 392.00 447.00 OK
r-oldrel-macos-x86_64 1.2.1 ERROR
r-oldrel-windows-ix86+x86_64 1.2.1 45.00 370.00 415.00 OK

Check Details

Version: 1.2.1
Check: package dependencies
Result: ERROR
    Packages required but not available: 'ChemmineR', 'fmcsR'
    
    See section ‘The DESCRIPTION file’ in the ‘Writing R Extensions’
    manual.
Flavor: r-release-macos-x86_64

Version: 1.2.1
Check: package dependencies
Result: ERROR
    Packages required but not available: 'ChemmineR', 'fmcsR', 'org.Hs.eg.db'
    
    See section ‘The DESCRIPTION file’ in the ‘Writing R Extensions’
    manual.
Flavor: r-oldrel-macos-x86_64