CRAN Package Check Results for Package BiasedUrn

Last updated on 2020-10-26 19:48:14 CET.

Flavor Version Tinstall Tcheck Ttotal Status Flags
r-devel-linux-x86_64-debian-clang 1.07 8.67 24.13 32.80 OK
r-devel-linux-x86_64-debian-gcc 1.07 6.65 19.10 25.75 OK
r-devel-linux-x86_64-fedora-clang 1.07 50.02 NOTE
r-devel-linux-x86_64-fedora-gcc 1.07 42.85 NOTE
r-devel-windows-ix86+x86_64 1.07 23.00 48.00 71.00 OK
r-patched-linux-x86_64 1.07 7.54 23.12 30.66 OK
r-patched-solaris-x86 1.07 61.30 OK
r-release-linux-x86_64 1.07 7.82 23.50 31.32 OK
r-release-macos-x86_64 1.07 OK
r-release-windows-ix86+x86_64 1.07 18.00 47.00 65.00 OK
r-oldrel-macos-x86_64 1.07 OK
r-oldrel-windows-ix86+x86_64 1.07 21.00 55.00 76.00 OK

Check Details

Version: 1.07
Check: compiled code
Result: NOTE
    File ‘BiasedUrn/libs/BiasedUrn.so’:
     Found no calls to: ‘R_registerRoutines’, ‘R_useDynamicSymbols’
    
    It is good practice to register native routines and to disable symbol
    search.
    
    See ‘Writing portable packages’ in the ‘Writing R Extensions’ manual.
Flavors: r-devel-linux-x86_64-fedora-clang, r-devel-linux-x86_64-fedora-gcc