CRAN Package Check Results for Package BiDimRegression

Last updated on 2019-08-21 10:47:22 CEST.

Flavor Version Tinstall Tcheck Ttotal Status Flags
r-devel-linux-x86_64-debian-clang 2.0.0 3.19 30.61 33.80 NOTE
r-devel-linux-x86_64-debian-gcc 2.0.0 2.52 24.65 27.17 NOTE
r-devel-linux-x86_64-fedora-clang 2.0.0 43.16 NOTE
r-devel-linux-x86_64-fedora-gcc 2.0.0 41.80 NOTE
r-devel-windows-ix86+x86_64 2.0.0 10.00 57.00 67.00 OK
r-patched-linux-x86_64 2.0.0 2.78 30.01 32.79 OK
r-patched-solaris-x86 2.0.0 62.50 OK
r-release-linux-x86_64 2.0.0 3.08 29.94 33.02 OK
r-release-windows-ix86+x86_64 2.0.0 6.00 43.00 49.00 OK
r-release-osx-x86_64 2.0.0 OK
r-oldrel-windows-ix86+x86_64 2.0.0 13.00 54.00 67.00 OK
r-oldrel-osx-x86_64 2.0.0 OK

Check Details

Version: 2.0.0
Check: for non-standard things in the check directory
Result: NOTE
    Found the following files/directories:
     'BiDimRegrOutput.txt'
Flavors: r-devel-linux-x86_64-debian-clang, r-devel-linux-x86_64-debian-gcc, r-devel-linux-x86_64-fedora-clang, r-devel-linux-x86_64-fedora-gcc