CRAN Package Check Results for Package BiDimRegression

Last updated on 2019-12-07 08:49:20 CET.

Flavor Version Tinstall Tcheck Ttotal Status Flags
r-devel-linux-x86_64-debian-clang 2.0.0 3.45 33.16 36.61 NOTE
r-devel-linux-x86_64-debian-gcc 2.0.0 2.37 25.97 28.34 NOTE
r-devel-linux-x86_64-fedora-clang 2.0.0 47.84 NOTE
r-devel-linux-x86_64-fedora-gcc 2.0.0 42.33 NOTE
r-devel-windows-ix86+x86_64 2.0.0 7.00 42.00 49.00 OK
r-devel-windows-ix86+x86_64-gcc8 2.0.0 6.00 44.00 50.00 OK
r-patched-linux-x86_64 2.0.0 2.95 30.51 33.46 OK
r-patched-solaris-x86 2.0.0 61.10 OK
r-release-linux-x86_64 2.0.0 2.98 30.43 33.41 OK
r-release-windows-ix86+x86_64 2.0.0 10.00 42.00 52.00 OK
r-release-osx-x86_64 2.0.0 OK
r-oldrel-windows-ix86+x86_64 2.0.0 5.00 44.00 49.00 OK
r-oldrel-osx-x86_64 2.0.0 OK

Check Details

Version: 2.0.0
Check: for non-standard things in the check directory
Result: NOTE
    Found the following files/directories:
     'BiDimRegrOutput.txt'
Flavors: r-devel-linux-x86_64-debian-clang, r-devel-linux-x86_64-debian-gcc, r-devel-linux-x86_64-fedora-clang, r-devel-linux-x86_64-fedora-gcc