CRAN Package Check Results for Package BiDAG

Last updated on 2024-02-23 19:48:40 CET.

Flavor Version Tinstall Tcheck Ttotal Status Flags
r-devel-linux-x86_64-debian-clang 2.1.4 OK
r-devel-linux-x86_64-debian-gcc 2.1.4 33.75 143.92 177.67 OK
r-devel-linux-x86_64-fedora-clang 2.1.4 322.13 NOTE
r-devel-linux-x86_64-fedora-gcc 2.1.4 312.84 NOTE
r-devel-windows-x86_64 2.1.4 37.00 160.00 197.00 OK
r-patched-linux-x86_64 2.1.4 45.61 188.76 234.37 OK
r-release-linux-x86_64 2.1.4 43.10 193.01 236.11 OK
r-release-macos-arm64 2.1.4 70.00 OK
r-release-macos-x86_64 2.1.4 205.00 OK
r-release-windows-x86_64 2.1.4 50.00 206.00 256.00 OK
r-oldrel-macos-arm64 2.1.4 75.00 OK
r-oldrel-windows-x86_64 2.1.4 49.00 189.00 238.00 OK

Check Details

Version: 2.1.4
Check: dependencies in R code
Result: NOTE Namespace in Imports field not imported from: ‘RBGL’ All declared Imports should be used. Flavors: r-devel-linux-x86_64-fedora-clang, r-devel-linux-x86_64-fedora-gcc