CRAN Package Check Results for Package BetaPASS

Last updated on 2021-09-22 08:49:58 CEST.

Flavor Version Tinstall Tcheck Ttotal Status Flags
r-devel-linux-x86_64-debian-clang 1.1-1 2.42 68.95 71.37 NOTE
r-devel-linux-x86_64-debian-gcc 1.1-1 1.82 49.96 51.78 NOTE
r-devel-linux-x86_64-fedora-clang 1.1-1 97.11 NOTE
r-devel-linux-x86_64-fedora-gcc 1.1-1 81.22 NOTE
r-devel-windows-x86_64 1.1-1 4.00 70.00 74.00 NOTE
r-devel-windows-x86_64-gcc10-UCRT 1.1-1 ERROR
r-patched-linux-x86_64 1.1-1 2.59 64.19 66.78 NOTE
r-patched-solaris-x86 1.1-1 71.80 NOTE
r-release-linux-x86_64 1.1-1 2.39 64.55 66.94 NOTE
r-release-macos-arm64 1.1-1 NOTE
r-release-macos-x86_64 1.1-1 NOTE
r-release-windows-ix86+x86_64 1.1-1 7.00 90.00 97.00 NOTE
r-oldrel-macos-x86_64 1.1-1 OK
r-oldrel-windows-ix86+x86_64 1.1-1 4.00 69.00 73.00 OK

Check Details

Version: 1.1-1
Check: LazyData
Result: NOTE
     'LazyData' is specified without a 'data' directory
Flavors: r-devel-linux-x86_64-debian-clang, r-devel-linux-x86_64-debian-gcc, r-devel-linux-x86_64-fedora-clang, r-devel-linux-x86_64-fedora-gcc, r-devel-windows-x86_64, r-devel-windows-x86_64-gcc10-UCRT, r-patched-linux-x86_64, r-patched-solaris-x86, r-release-linux-x86_64, r-release-macos-arm64, r-release-macos-x86_64, r-release-windows-ix86+x86_64

Version: 1.1-1
Check: PDF version of manual
Result: WARN
    LaTeX errors when creating PDF version.
    This typically indicates Rd problems.
Flavor: r-devel-windows-x86_64-gcc10-UCRT

Version: 1.1-1
Check: PDF version of manual without hyperrefs or index
Result: ERROR
    Re-running with no redirection of stdout/stderr.
Flavor: r-devel-windows-x86_64-gcc10-UCRT