Last updated on 2023-02-06 19:54:16 CET.
Flavor | Version | Tinstall | Tcheck | Ttotal | Status | Flags |
---|---|---|---|---|---|---|
r-devel-linux-x86_64-debian-clang | 1.0.0 | 271.54 | 122.54 | 394.08 | NOTE | |
r-devel-linux-x86_64-debian-gcc | 1.0.0 | 242.99 | 104.31 | 347.30 | NOTE | |
r-devel-linux-x86_64-fedora-clang | 1.0.0 | 492.87 | NOTE | |||
r-devel-linux-x86_64-fedora-gcc | 1.0.0 | 570.07 | NOTE | |||
r-devel-windows-x86_64 | 1.0.0 | 906.00 | 201.00 | 1107.00 | NOTE | |
r-patched-linux-x86_64 | 1.0.0 | 202.58 | 132.62 | 335.20 | NOTE | |
r-release-linux-x86_64 | 1.0.0 | 206.42 | 128.72 | 335.14 | NOTE | |
r-release-macos-arm64 | 1.0.0 | 150.00 | NOTE | |||
r-release-macos-x86_64 | 1.0.0 | 198.00 | NOTE | |||
r-release-windows-x86_64 | 1.0.0 | 203.00 | 208.00 | 411.00 | NOTE | |
r-oldrel-macos-arm64 | 1.0.0 | 148.00 | NOTE | |||
r-oldrel-macos-x86_64 | 1.0.0 | 198.00 | NOTE | |||
r-oldrel-windows-ix86+x86_64 | 1.0.0 | 578.00 | 232.00 | 810.00 | NOTE |
Version: 1.0.0
Check: C++ specification
Result: NOTE
Specified C++14: please update to current default of C++17
Flavors: r-devel-linux-x86_64-debian-clang, r-devel-linux-x86_64-debian-gcc, r-devel-linux-x86_64-fedora-clang, r-devel-linux-x86_64-fedora-gcc, r-devel-windows-x86_64
Version: 1.0.0
Check: for GNU extensions in Makefiles
Result: NOTE
GNU make is a SystemRequirements.
Flavors: r-devel-linux-x86_64-debian-clang, r-devel-linux-x86_64-debian-gcc, r-devel-linux-x86_64-fedora-clang, r-devel-linux-x86_64-fedora-gcc, r-devel-windows-x86_64, r-patched-linux-x86_64, r-release-linux-x86_64, r-release-macos-arm64, r-release-macos-x86_64, r-release-windows-x86_64, r-oldrel-macos-arm64, r-oldrel-macos-x86_64, r-oldrel-windows-ix86+x86_64
Version: 1.0.0
Check: installed package size
Result: NOTE
installed size is 7.9Mb
sub-directories of 1Mb or more:
data 4.1Mb
libs 3.2Mb
Flavors: r-devel-linux-x86_64-fedora-clang, r-devel-windows-x86_64, r-release-macos-arm64, r-release-macos-x86_64, r-release-windows-x86_64, r-oldrel-macos-arm64, r-oldrel-macos-x86_64, r-oldrel-windows-ix86+x86_64