CRAN Package Check Results for Package Bchron

Last updated on 2021-09-23 08:50:48 CEST.

Flavor Version Tinstall Tcheck Ttotal Status Flags
r-devel-linux-x86_64-debian-clang 4.7.6 9.77 447.28 457.05 OK
r-devel-linux-x86_64-debian-gcc 4.7.6 7.43 321.90 329.33 OK
r-devel-linux-x86_64-fedora-clang 4.7.6 552.03 OK
r-devel-linux-x86_64-fedora-gcc 4.7.6 504.62 OK
r-devel-windows-x86_64 4.7.6 12.00 375.00 387.00 OK
r-devel-windows-x86_64-gcc10-UCRT 4.7.6 ERROR
r-patched-linux-x86_64 4.7.6 14.74 398.82 413.56 OK
r-patched-solaris-x86 4.7.6 638.90 OK
r-release-linux-x86_64 4.7.6 9.55 404.25 413.80 OK
r-release-macos-arm64 4.7.6 OK
r-release-macos-x86_64 4.7.6 OK
r-release-windows-ix86+x86_64 4.7.6 22.00 716.00 738.00 OK
r-oldrel-macos-x86_64 4.7.6 OK
r-oldrel-windows-ix86+x86_64 4.7.6 17.00 572.00 589.00 OK

Check Details

Version: 4.7.6
Check: whether package can be installed
Result: ERROR
    Installation failed.
Flavor: r-devel-windows-x86_64-gcc10-UCRT