Last updated on 2023-06-01 21:52:48 CEST.
Flavor | Version | Tinstall | Tcheck | Ttotal | Status | Flags |
---|---|---|---|---|---|---|
r-devel-linux-x86_64-debian-clang | 0.1.8 | 34.62 | 283.34 | 317.96 | OK | |
r-devel-linux-x86_64-debian-gcc | 0.1.8 | 27.76 | 209.44 | 237.20 | OK | |
r-devel-linux-x86_64-fedora-clang | 0.1.8 | 402.12 | OK | |||
r-devel-linux-x86_64-fedora-gcc | 0.1.8 | 420.46 | OK | |||
r-devel-windows-x86_64 | 0.1.8 | 33.00 | 237.00 | 270.00 | OK | |
r-patched-linux-x86_64 | 0.1.8 | OK | ||||
r-release-linux-x86_64 | 0.1.8 | 28.39 | 270.74 | 299.13 | OK | |
r-release-macos-arm64 | 0.1.8 | 111.00 | OK | |||
r-release-macos-x86_64 | 0.1.8 | 182.00 | NOTE | |||
r-release-windows-x86_64 | 0.1.8 | 42.00 | 316.00 | 358.00 | OK | |
r-oldrel-macos-arm64 | 0.1.8 | 72.00 | OK | |||
r-oldrel-macos-x86_64 | 0.1.8 | 130.00 | OK | |||
r-oldrel-windows-x86_64 | 0.1.8 | 39.00 | 287.00 | 326.00 | OK |
Version: 0.1.8
Check: package dependencies
Result: NOTE
Package suggested but not available for checking: ‘sensitivity’
Flavor: r-release-macos-x86_64