Last updated on 2023-02-06 19:54:16 CET.
Flavor | Version | Tinstall | Tcheck | Ttotal | Status | Flags |
---|---|---|---|---|---|---|
r-devel-linux-x86_64-debian-clang | 0.4.1 | 6.68 | 126.33 | 133.01 | OK | |
r-devel-linux-x86_64-debian-gcc | 0.4.1 | 5.92 | 90.95 | 96.87 | OK | |
r-devel-linux-x86_64-fedora-clang | 0.4.1 | 157.00 | NOTE | |||
r-devel-linux-x86_64-fedora-gcc | 0.4.1 | 171.91 | NOTE | |||
r-devel-windows-x86_64 | 0.4.1 | 35.00 | 170.00 | 205.00 | OK | |
r-patched-linux-x86_64 | 0.4.1 | 6.84 | 122.19 | 129.03 | OK | |
r-release-linux-x86_64 | 0.4.1 | 6.38 | 114.90 | 121.28 | OK | |
r-release-macos-arm64 | 0.4.1 | 49.00 | NOTE | |||
r-release-macos-x86_64 | 0.4.1 | 104.00 | NOTE | |||
r-release-windows-x86_64 | 0.4.1 | 68.00 | 172.00 | 240.00 | OK | |
r-oldrel-macos-arm64 | 0.4.1 | 47.00 | NOTE | |||
r-oldrel-macos-x86_64 | 0.4.1 | 72.00 | NOTE | |||
r-oldrel-windows-ix86+x86_64 | 0.4.1 | 18.00 | 153.00 | 171.00 | OK |
Version: 0.4.1
Check: dependencies in R code
Result: NOTE
Namespace in Imports field not imported from: ‘utils’
All declared Imports should be used.
Flavors: r-devel-linux-x86_64-fedora-clang, r-devel-linux-x86_64-fedora-gcc, r-release-macos-arm64, r-release-macos-x86_64, r-oldrel-macos-arm64, r-oldrel-macos-x86_64