CRAN Package Check Results for Package BayesfMRI

Last updated on 2024-03-03 08:52:27 CET.

Flavor Version Tinstall Tcheck Ttotal Status Flags
r-devel-linux-x86_64-debian-clang 0.3.11 87.53 168.06 255.59 NOTE
r-devel-linux-x86_64-debian-gcc 0.3.11 71.62 128.73 200.35 NOTE
r-devel-linux-x86_64-fedora-clang 0.3.11 316.91 OK
r-devel-linux-x86_64-fedora-gcc 0.3.11 334.66 OK
r-devel-windows-x86_64 0.3.11 70.00 164.00 234.00 OK
r-patched-linux-x86_64 0.3.11 78.62 163.33 241.95 NOTE
r-release-linux-x86_64 0.3.11 70.29 168.11 238.40 NOTE
r-release-macos-arm64 0.3.11 83.00 NOTE
r-release-macos-x86_64 0.3.11 147.00 NOTE
r-release-windows-x86_64 0.3.11 92.00 205.00 297.00 NOTE
r-oldrel-macos-arm64 0.3.11 77.00 NOTE
r-oldrel-windows-x86_64 0.3.11 86.00 182.00 268.00 NOTE

Check Details

Version: 0.3.11
Check: package dependencies
Result: NOTE Package suggested but not available for checking: ‘INLA’ Flavors: r-devel-linux-x86_64-debian-clang, r-devel-linux-x86_64-debian-gcc, r-patched-linux-x86_64, r-release-linux-x86_64, r-release-macos-arm64, r-release-macos-x86_64, r-release-windows-x86_64, r-oldrel-macos-arm64, r-oldrel-windows-x86_64

Version: 0.3.11
Check: installed package size
Result: NOTE installed size is 11.2Mb sub-directories of 1Mb or more: libs 10.7Mb Flavors: r-release-macos-arm64, r-release-macos-x86_64, r-oldrel-macos-arm64