CRAN Package Check Results for Package BayesVarSel

Last updated on 2021-12-01 19:51:29 CET.

Flavor Version Tinstall Tcheck Ttotal Status Flags
r-devel-linux-x86_64-debian-clang 2.0.1 15.49 65.72 81.21 OK
r-devel-linux-x86_64-debian-gcc 2.0.1 12.85 50.93 63.78 OK
r-devel-linux-x86_64-fedora-clang 2.0.1 113.32 OK
r-devel-linux-x86_64-fedora-gcc 2.0.1 112.18 OK
r-devel-windows-x86_64-new-UL 2.0.1 31.00 172.00 203.00 OK
r-devel-windows-x86_64-new-TK 2.0.1 OK
r-devel-windows-x86_64-old 2.0.1 22.00 70.00 92.00 OK
r-patched-linux-x86_64 2.0.1 17.25 63.96 81.21 OK
r-patched-solaris-x86 2.0.1 133.70 OK
r-release-linux-x86_64 2.0.1 16.55 64.74 81.29 OK
r-release-macos-arm64 2.0.1 NOTE
r-release-macos-x86_64 2.0.1 NOTE
r-release-windows-ix86+x86_64 2.0.1 33.00 121.00 154.00 OK
r-oldrel-macos-x86_64 2.0.1 NOTE
r-oldrel-windows-ix86+x86_64 2.0.1 30.00 99.00 129.00 OK

Check Details

Version: 2.0.1
Check: installed package size
Result: NOTE
     installed size is 6.6Mb
     sub-directories of 1Mb or more:
     doc 2.7Mb
     libs 3.5Mb
Flavors: r-release-macos-arm64, r-release-macos-x86_64, r-oldrel-macos-x86_64