CRAN Package Check Results for Package BayesVarSel

Last updated on 2020-09-23 13:04:45 CEST.

Flavor Version Tinstall Tcheck Ttotal Status Flags
r-devel-linux-x86_64-debian-clang 2.0.1 13.20 64.55 77.75 OK
r-devel-linux-x86_64-debian-gcc 2.0.1 11.67 49.81 61.48 OK
r-devel-linux-x86_64-fedora-clang 2.0.1 104.15 OK
r-devel-linux-x86_64-fedora-gcc 2.0.1 111.87 OK
r-devel-windows-ix86+x86_64 2.0.1 34.00 110.00 144.00 OK
r-patched-linux-x86_64 2.0.1 12.44 62.15 74.59 OK
r-patched-solaris-x86 2.0.1 126.50 OK
r-release-linux-x86_64 2.0.1 14.34 61.86 76.20 OK
r-release-macos-x86_64 2.0.1 NOTE
r-release-windows-ix86+x86_64 2.0.1 30.00 116.00 146.00 OK
r-oldrel-macos-x86_64 2.0.1 NOTE
r-oldrel-windows-ix86+x86_64 2.0.1 26.00 122.00 148.00 OK

Check Details

Version: 2.0.1
Check: installed package size
Result: NOTE
     installed size is 6.5Mb
     sub-directories of 1Mb or more:
     doc 2.7Mb
     libs 3.5Mb
Flavors: r-release-macos-x86_64, r-oldrel-macos-x86_64