Last updated on 2023-06-01 21:52:48 CEST.
Flavor | Version | Tinstall | Tcheck | Ttotal | Status | Flags |
---|---|---|---|---|---|---|
r-devel-linux-x86_64-debian-clang | 0.2.13 | 16.12 | 251.28 | 267.40 | OK | |
r-devel-linux-x86_64-debian-gcc | 0.2.14 | 13.79 | 148.17 | 161.96 | OK | |
r-devel-linux-x86_64-fedora-clang | 0.2.14 | 291.41 | OK | |||
r-devel-linux-x86_64-fedora-gcc | 0.2.14 | 291.61 | OK | |||
r-devel-windows-x86_64 | 0.2.14 | 28.00 | 179.00 | 207.00 | OK | |
r-patched-linux-x86_64 | 0.2.13 | OK | ||||
r-release-linux-x86_64 | 0.2.14 | 16.58 | 192.33 | 208.91 | OK | |
r-release-macos-arm64 | 0.2.14 | 82.00 | OK | |||
r-release-macos-x86_64 | 0.2.13 | 159.00 | NOTE | |||
r-release-windows-x86_64 | 0.2.14 | 27.00 | 206.00 | 233.00 | OK | |
r-oldrel-macos-arm64 | 0.2.14 | 72.00 | OK | |||
r-oldrel-macos-x86_64 | 0.2.14 | 103.00 | OK | |||
r-oldrel-windows-x86_64 | 0.2.14 | 27.00 | 209.00 | 236.00 | OK |
Version: 0.2.13
Check: package dependencies
Result: NOTE
Package suggested but not available for checking: ‘rstan’
Flavor: r-release-macos-x86_64