CRAN Package Check Results for Package BayesMixSurv

Last updated on 2021-09-22 08:49:58 CEST.

Flavor Version Tinstall Tcheck Ttotal Status Flags
r-devel-linux-x86_64-debian-clang 0.9.1 7.73 81.71 89.44 OK
r-devel-linux-x86_64-debian-gcc 0.9.1 6.76 61.74 68.50 OK
r-devel-linux-x86_64-fedora-clang 0.9.1 115.42 OK
r-devel-linux-x86_64-fedora-gcc 0.9.1 107.81 OK
r-devel-windows-x86_64 0.9.1 9.00 79.00 88.00 OK
r-devel-windows-x86_64-gcc10-UCRT 0.9.1 ERROR
r-patched-linux-x86_64 0.9.1 7.45 80.35 87.80 OK
r-patched-solaris-x86 0.9.1 153.40 OK
r-release-linux-x86_64 0.9.1 7.50 79.00 86.50 OK
r-release-macos-arm64 0.9.1 OK
r-release-macos-x86_64 0.9.1 OK
r-release-windows-ix86+x86_64 0.9.1 17.00 105.00 122.00 OK
r-oldrel-macos-x86_64 0.9.1 OK
r-oldrel-windows-ix86+x86_64 0.9.1 11.00 78.00 89.00 OK

Check Details

Version: 0.9.1
Check: PDF version of manual
Result: WARN
    LaTeX errors when creating PDF version.
    This typically indicates Rd problems.
Flavor: r-devel-windows-x86_64-gcc10-UCRT

Version: 0.9.1
Check: PDF version of manual without hyperrefs or index
Result: ERROR
    Re-running with no redirection of stdout/stderr.
Flavor: r-devel-windows-x86_64-gcc10-UCRT