Last updated on 2023-09-30 19:55:41 CEST.
Flavor | Version | Tinstall | Tcheck | Ttotal | Status | Flags |
---|---|---|---|---|---|---|
r-devel-linux-x86_64-debian-clang | 1.3.2 | 445.44 | 243.89 | 689.33 | OK | |
r-devel-linux-x86_64-debian-gcc | 1.3.2 | 297.44 | 173.55 | 470.99 | OK | |
r-devel-linux-x86_64-fedora-clang | 1.3.2 | 1000.22 | OK | |||
r-devel-linux-x86_64-fedora-gcc | 1.3.2 | 1009.51 | OK | |||
r-devel-windows-x86_64 | 1.3.2 | 311.00 | 311.00 | 622.00 | OK | |
r-patched-linux-x86_64 | 1.3.2 | 314.06 | 237.85 | 551.91 | OK | |
r-release-linux-x86_64 | 1.3.2 | 323.16 | 237.62 | 560.78 | OK | |
r-release-macos-arm64 | 1.3.2 | 188.00 | NOTE | |||
r-release-macos-x86_64 | 1.3.2 | 297.00 | NOTE | |||
r-release-windows-x86_64 | 1.3.2 | 426.00 | 341.00 | 767.00 | OK | |
r-oldrel-macos-arm64 | 1.3.2 | 183.00 | NOTE | |||
r-oldrel-macos-x86_64 | 1.3.2 | 271.00 | NOTE | |||
r-oldrel-windows-x86_64 | 1.3.2 | 416.00 | 334.00 | 750.00 | OK |
Version: 1.3.2
Check: installed package size
Result: NOTE
installed size is 16.9Mb
sub-directories of 1Mb or more:
doc 1.7Mb
libs 14.4Mb
Flavors: r-release-macos-arm64, r-release-macos-x86_64, r-oldrel-macos-arm64, r-oldrel-macos-x86_64