CRAN Package Check Results for Package BayesARIMAX

Last updated on 2024-03-04 07:48:22 CET.

Flavor Version Tinstall Tcheck Ttotal Status Flags
r-devel-linux-x86_64-debian-clang 0.1.1 4.86 63.30 68.16 NOTE
r-devel-linux-x86_64-debian-gcc 0.1.1 5.83 48.63 54.46 NOTE
r-devel-linux-x86_64-fedora-clang 0.1.1 90.29 NOTE
r-devel-linux-x86_64-fedora-gcc 0.1.1 84.19 NOTE
r-devel-windows-x86_64 0.1.1 8.00 64.00 72.00 NOTE
r-patched-linux-x86_64 0.1.1 7.68 60.88 68.56 NOTE
r-release-linux-x86_64 0.1.1 6.75 62.66 69.41 NOTE
r-release-macos-arm64 0.1.1 31.00 NOTE
r-release-macos-x86_64 0.1.1 44.00 NOTE
r-release-windows-x86_64 0.1.1 11.00 73.00 84.00 NOTE
r-oldrel-macos-arm64 0.1.1 29.00 NOTE
r-oldrel-windows-x86_64 0.1.1 11.00 79.00 90.00 NOTE

Check Details

Version: 0.1.1
Check: LazyData
Result: NOTE 'LazyData' is specified without a 'data' directory Flavors: r-devel-linux-x86_64-debian-clang, r-devel-linux-x86_64-debian-gcc, r-devel-linux-x86_64-fedora-clang, r-devel-linux-x86_64-fedora-gcc, r-devel-windows-x86_64, r-patched-linux-x86_64, r-release-linux-x86_64, r-release-macos-arm64, r-release-macos-x86_64, r-release-windows-x86_64, r-oldrel-macos-arm64, r-oldrel-windows-x86_64