Last updated on 2023-02-03 19:51:56 CET.
Flavor | Version | Tinstall | Tcheck | Ttotal | Status | Flags |
---|---|---|---|---|---|---|
r-devel-linux-x86_64-debian-clang | 0.0.1 | 6.97 | 54.14 | 61.11 | NOTE | |
r-devel-linux-x86_64-debian-gcc | 0.0.1 | 5.12 | 40.29 | 45.41 | NOTE | |
r-devel-linux-x86_64-fedora-clang | 0.0.1 | 81.12 | NOTE | |||
r-devel-linux-x86_64-fedora-gcc | 0.0.1 | 81.09 | NOTE | |||
r-patched-linux-x86_64 | 0.0.1 | 6.44 | 52.88 | 59.32 | NOTE | |
r-release-linux-x86_64 | 0.0.1 | 6.54 | 52.54 | 59.08 | NOTE | |
r-release-macos-arm64 | 0.0.1 | 28.00 | NOTE | |||
r-release-macos-x86_64 | 0.0.1 | 55.00 | NOTE | |||
r-release-windows-x86_64 | 0.0.1 | 17.00 | 88.00 | 105.00 | NOTE | |
r-oldrel-macos-arm64 | 0.0.1 | 30.00 | NOTE | |||
r-oldrel-macos-x86_64 | 0.0.1 | 36.00 | NOTE | |||
r-oldrel-windows-ix86+x86_64 | 0.0.1 | 15.00 | 77.00 | 92.00 | NOTE |
Version: 0.0.1
Check: LazyData
Result: NOTE
'LazyData' is specified without a 'data' directory
Flavors: r-devel-linux-x86_64-debian-clang, r-devel-linux-x86_64-debian-gcc, r-devel-linux-x86_64-fedora-clang, r-devel-linux-x86_64-fedora-gcc, r-patched-linux-x86_64, r-release-linux-x86_64, r-release-macos-arm64, r-release-macos-x86_64, r-release-windows-x86_64, r-oldrel-macos-arm64, r-oldrel-macos-x86_64, r-oldrel-windows-ix86+x86_64
Version: 0.0.1
Check: Rd cross-references
Result: NOTE
Undeclared package ‘tibble’ in Rd xrefs
Flavor: r-devel-linux-x86_64-fedora-clang