CRAN Package Check Results for Package BNrich

Last updated on 2021-09-27 20:48:12 CEST.

Flavor Version Tinstall Tcheck Ttotal Status Flags
r-devel-linux-x86_64-debian-clang 0.1.1 9.72 92.71 102.43 NOTE
r-devel-linux-x86_64-debian-gcc 0.1.1 7.15 71.73 78.88 NOTE
r-devel-linux-x86_64-fedora-clang 0.1.1 129.17 NOTE
r-devel-linux-x86_64-fedora-gcc 0.1.1 121.23 NOTE
r-devel-windows-x86_64 0.1.1 9.00 83.00 92.00 NOTE
r-devel-windows-x86_64-gcc10-UCRT 0.1.1 NOTE
r-patched-linux-x86_64 0.1.1 7.50 88.23 95.73 NOTE
r-patched-solaris-x86 0.1.1 172.70 NOTE
r-release-linux-x86_64 0.1.1 8.58 88.93 97.51 NOTE
r-release-macos-arm64 0.1.1 NOTE
r-release-macos-x86_64 0.1.1 NOTE
r-release-windows-ix86+x86_64 0.1.1 20.00 114.00 134.00 NOTE
r-oldrel-macos-x86_64 0.1.1 OK
r-oldrel-windows-ix86+x86_64 0.1.1 16.00 81.00 97.00 OK

Check Details

Version: 0.1.1
Check: LazyData
Result: NOTE
     'LazyData' is specified without a 'data' directory
Flavors: r-devel-linux-x86_64-debian-clang, r-devel-linux-x86_64-debian-gcc, r-devel-linux-x86_64-fedora-clang, r-devel-linux-x86_64-fedora-gcc, r-devel-windows-x86_64, r-devel-windows-x86_64-gcc10-UCRT, r-patched-linux-x86_64, r-patched-solaris-x86, r-release-linux-x86_64, r-release-macos-arm64, r-release-macos-x86_64, r-release-windows-ix86+x86_64