CRAN Package Check Results for Package BNPTSclust

Last updated on 2021-09-22 08:49:59 CEST.

Flavor Version Tinstall Tcheck Ttotal Status Flags
r-devel-linux-x86_64-debian-clang 2.0 7.38 50.56 57.94 OK
r-devel-linux-x86_64-debian-gcc 2.0 5.96 37.93 43.89 OK
r-devel-linux-x86_64-fedora-clang 2.0 79.05 OK
r-devel-linux-x86_64-fedora-gcc 2.0 68.21 OK
r-devel-windows-x86_64 2.0 10.00 48.00 58.00 OK
r-devel-windows-x86_64-gcc10-UCRT 2.0 ERROR
r-patched-linux-x86_64 2.0 8.03 48.55 56.58 OK
r-patched-solaris-x86 2.0 86.10 OK
r-release-linux-x86_64 2.0 6.78 48.51 55.29 OK
r-release-macos-arm64 2.0 OK
r-release-macos-x86_64 2.0 OK
r-release-windows-ix86+x86_64 2.0 14.00 65.00 79.00 OK
r-oldrel-macos-x86_64 2.0 OK
r-oldrel-windows-ix86+x86_64 2.0 11.00 51.00 62.00 OK

Check Details

Version: 2.0
Check: PDF version of manual
Result: WARN
    LaTeX errors when creating PDF version.
    This typically indicates Rd problems.
Flavor: r-devel-windows-x86_64-gcc10-UCRT

Version: 2.0
Check: PDF version of manual without hyperrefs or index
Result: ERROR
    Re-running with no redirection of stdout/stderr.
Flavor: r-devel-windows-x86_64-gcc10-UCRT