CRAN Package Check Results for Package BMRBr

Last updated on 2024-03-02 19:50:12 CET.

Flavor Version Tinstall Tcheck Ttotal Status Flags
r-devel-linux-x86_64-debian-clang 0.2.0 3.76 39.92 43.68 NOTE
r-devel-linux-x86_64-debian-gcc 0.2.0 2.67 29.47 32.14 NOTE
r-devel-linux-x86_64-fedora-clang 0.2.0 52.41 NOTE
r-devel-linux-x86_64-fedora-gcc 0.2.0 66.98 NOTE
r-devel-windows-x86_64 0.2.0 4.00 54.00 58.00 NOTE
r-patched-linux-x86_64 0.2.0 3.09 38.39 41.48 NOTE
r-release-linux-x86_64 0.2.0 3.28 37.74 41.02 NOTE
r-release-macos-arm64 0.2.0 31.00 NOTE
r-release-macos-x86_64 0.2.0 42.00 NOTE
r-release-windows-x86_64 0.2.0 6.00 58.00 64.00 NOTE
r-oldrel-macos-arm64 0.2.0 21.00 NOTE
r-oldrel-windows-x86_64 0.2.0 6.00 63.00 69.00 NOTE

Check Details

Version: 0.2.0
Check: package subdirectories
Result: NOTE Problems with news in ‘NEWS.md’: No news entries found. Flavors: r-devel-linux-x86_64-debian-clang, r-devel-linux-x86_64-debian-gcc, r-devel-linux-x86_64-fedora-clang, r-devel-linux-x86_64-fedora-gcc, r-devel-windows-x86_64, r-patched-linux-x86_64, r-release-linux-x86_64, r-release-macos-arm64, r-release-macos-x86_64, r-release-windows-x86_64

Version: 0.2.0
Check: LazyData
Result: NOTE 'LazyData' is specified without a 'data' directory Flavors: r-devel-linux-x86_64-debian-clang, r-devel-linux-x86_64-debian-gcc, r-devel-linux-x86_64-fedora-clang, r-devel-linux-x86_64-fedora-gcc, r-devel-windows-x86_64, r-patched-linux-x86_64, r-release-linux-x86_64, r-release-macos-arm64, r-release-macos-x86_64, r-release-windows-x86_64, r-oldrel-macos-arm64, r-oldrel-windows-x86_64