CRAN Package Check Results for Package BLPestimatoR

Last updated on 2019-10-21 09:51:08 CEST.

Flavor Version Tinstall Tcheck Ttotal Status Flags
r-devel-linux-x86_64-debian-clang 0.3.0 38.22 116.59 154.81 OK
r-devel-linux-x86_64-debian-gcc 0.3.0 29.05 87.75 116.80 OK
r-devel-linux-x86_64-fedora-clang 0.3.0 194.81 OK
r-devel-linux-x86_64-fedora-gcc 0.3.0 185.34 OK
r-devel-windows-ix86+x86_64 0.3.0 73.00 30.00 103.00 ERROR
r-patched-linux-x86_64 0.2.9 26.46 60.38 86.84 OK
r-patched-solaris-x86 0.3.0 242.90 OK
r-release-linux-x86_64 0.3.0 31.13 109.12 140.25 OK
r-release-windows-ix86+x86_64 0.2.9 73.00 113.00 186.00 OK
r-release-osx-x86_64 0.3.0 OK
r-oldrel-windows-ix86+x86_64 0.3.0 68.00 7.00 75.00 ERROR
r-oldrel-osx-x86_64 0.3.0 OK

Check Details

Version: 0.3.0
Check: whether package can be installed
Result: ERROR
    Installation failed.
Flavors: r-devel-windows-ix86+x86_64, r-oldrel-windows-ix86+x86_64