CRAN Package Check Results for Package BLModel

Last updated on 2021-12-01 19:51:30 CET.

Flavor Version Tinstall Tcheck Ttotal Status Flags
r-devel-linux-x86_64-debian-clang 1.0.2 2.22 23.36 25.58 NOTE
r-devel-linux-x86_64-debian-gcc 1.0.2 1.78 18.49 20.27 NOTE
r-devel-linux-x86_64-fedora-clang 1.0.2 42.96 NOTE
r-devel-linux-x86_64-fedora-gcc 1.0.2 32.87 NOTE
r-devel-windows-x86_64-new-UL 1.0.2 5.00 63.00 68.00 NOTE
r-devel-windows-x86_64-new-TK 1.0.2 NOTE
r-devel-windows-x86_64-old 1.0.2 4.00 30.00 34.00 NOTE
r-patched-linux-x86_64 1.0.2 1.92 22.58 24.50 NOTE
r-patched-solaris-x86 1.0.2 49.50 NOTE
r-release-linux-x86_64 1.0.2 1.64 22.46 24.10 NOTE
r-release-macos-arm64 1.0.2 NOTE
r-release-macos-x86_64 1.0.2 NOTE
r-release-windows-ix86+x86_64 1.0.2 5.00 31.00 36.00 NOTE
r-oldrel-macos-x86_64 1.0.2 OK
r-oldrel-windows-ix86+x86_64 1.0.2 5.00 29.00 34.00 OK

Check Details

Version: 1.0.2
Check: LazyData
Result: NOTE
     'LazyData' is specified without a 'data' directory
Flavors: r-devel-linux-x86_64-debian-clang, r-devel-linux-x86_64-debian-gcc, r-devel-linux-x86_64-fedora-clang, r-devel-linux-x86_64-fedora-gcc, r-devel-windows-x86_64-new-UL, r-devel-windows-x86_64-new-TK, r-devel-windows-x86_64-old, r-patched-linux-x86_64, r-patched-solaris-x86, r-release-linux-x86_64, r-release-macos-arm64, r-release-macos-x86_64, r-release-windows-ix86+x86_64