CRAN Package Check Results for Package BIOM.utils

Last updated on 2021-12-03 19:50:04 CET.

Flavor Version Tinstall Tcheck Ttotal Status Flags
r-devel-linux-x86_64-debian-clang 0.9 2.58 35.48 38.06 NOTE
r-devel-linux-x86_64-debian-gcc 0.9 2.10 27.41 29.51 NOTE
r-devel-linux-x86_64-fedora-clang 0.9 58.32 NOTE
r-devel-linux-x86_64-fedora-gcc 0.9 48.95 NOTE
r-devel-windows-x86_64-new-UL 0.9 7.00 71.00 78.00 NOTE
r-devel-windows-x86_64-new-TK 0.9 NOTE
r-devel-windows-x86_64-old 0.9 5.00 37.00 42.00 NOTE
r-patched-linux-x86_64 0.9 2.72 34.59 37.31 NOTE
r-release-linux-x86_64 0.9 2.28 34.66 36.94 NOTE
r-release-macos-arm64 0.9 NOTE
r-release-macos-x86_64 0.9 NOTE
r-release-windows-ix86+x86_64 0.9 6.00 54.00 60.00 NOTE
r-oldrel-macos-x86_64 0.9 NOTE
r-oldrel-windows-ix86+x86_64 0.9 23.00 39.00 62.00 NOTE

Check Details

Version: 0.9
Check: dependencies in R code
Result: NOTE
    'library' or 'require' call to 'MGRASTer' in package code.
     Please use :: or requireNamespace() instead.
     See section 'Suggested packages' in the 'Writing R Extensions' manual.
Flavors: r-devel-linux-x86_64-debian-clang, r-devel-linux-x86_64-debian-gcc, r-devel-linux-x86_64-fedora-clang, r-devel-linux-x86_64-fedora-gcc, r-devel-windows-x86_64-new-UL, r-devel-windows-x86_64-new-TK, r-devel-windows-x86_64-old, r-patched-linux-x86_64, r-release-linux-x86_64, r-release-macos-arm64, r-release-macos-x86_64, r-release-windows-ix86+x86_64, r-oldrel-macos-x86_64, r-oldrel-windows-ix86+x86_64

Version: 0.9
Check: R code for possible problems
Result: NOTE
    .onAttach: no visible global function definition for 'packageVersion'
    biom.matrix: no visible global function definition for 'packageVersion'
    Undefined global functions or variables:
     packageVersion
    Consider adding
     importFrom("utils", "packageVersion")
    to your NAMESPACE file.
Flavors: r-devel-linux-x86_64-debian-clang, r-devel-linux-x86_64-debian-gcc, r-devel-linux-x86_64-fedora-clang, r-devel-linux-x86_64-fedora-gcc, r-devel-windows-x86_64-new-UL, r-devel-windows-x86_64-new-TK, r-devel-windows-x86_64-old, r-patched-linux-x86_64, r-release-linux-x86_64, r-release-macos-arm64, r-release-macos-x86_64, r-release-windows-ix86+x86_64, r-oldrel-macos-x86_64, r-oldrel-windows-ix86+x86_64