CRAN Package Check Results for Package BIGDAWG

Last updated on 2024-03-02 07:49:57 CET.

Flavor Version Tinstall Tcheck Ttotal Status Flags
r-devel-linux-x86_64-debian-clang 3.0.3 32.41 78.35 110.76 OK
r-devel-linux-x86_64-debian-gcc 3.0.3 25.30 59.30 84.60 OK
r-devel-linux-x86_64-fedora-clang 3.0.3 138.08 NOTE
r-devel-linux-x86_64-fedora-gcc 3.0.3 145.20 NOTE
r-devel-windows-x86_64 3.0.3 28.00 79.00 107.00 OK
r-patched-linux-x86_64 3.0.3 24.70 74.86 99.56 OK
r-release-linux-x86_64 3.0.3 20.59 73.61 94.20 OK
r-release-macos-arm64 3.0.3 60.00 OK
r-release-macos-x86_64 3.0.3 82.00 OK
r-release-windows-x86_64 3.0.3 39.00 89.00 128.00 OK
r-oldrel-macos-arm64 3.0.3 53.00 NOTE
r-oldrel-windows-x86_64 3.0.3 40.00 82.00 122.00 OK

Check Details

Version: 3.0.3
Check: dependencies in R code
Result: NOTE Namespace in Imports field not imported from: ‘httr’ All declared Imports should be used. Flavors: r-devel-linux-x86_64-fedora-clang, r-devel-linux-x86_64-fedora-gcc, r-oldrel-macos-arm64