Last updated on 2021-01-26 07:50:10 CET.
Flavor | Version | Tinstall | Tcheck | Ttotal | Status | Flags |
---|---|---|---|---|---|---|
r-devel-linux-x86_64-debian-clang | 2.1.0 | 54.32 | 63.87 | 118.19 | OK | |
r-devel-linux-x86_64-debian-gcc | 2.1.0 | 37.63 | 49.58 | 87.21 | OK | |
r-devel-linux-x86_64-fedora-clang | 2.1.0 | 163.99 | NOTE | |||
r-devel-linux-x86_64-fedora-gcc | 2.1.0 | 157.35 | OK | |||
r-devel-windows-ix86+x86_64 | 2.1.0 | 114.00 | 142.00 | 256.00 | OK | |
r-patched-linux-x86_64 | 2.1.0 | 44.36 | 60.94 | 105.30 | OK | |
r-patched-solaris-x86 | 2.1.0 | 165.30 | OK | |||
r-release-linux-x86_64 | 2.1.0 | 45.28 | 61.43 | 106.71 | OK | |
r-release-macos-x86_64 | 2.1.0 | NOTE | ||||
r-release-windows-ix86+x86_64 | 2.1.0 | 113.00 | 104.00 | 217.00 | OK | |
r-oldrel-macos-x86_64 | 2.1.0 | NOTE | ||||
r-oldrel-windows-ix86+x86_64 | 2.1.0 | 86.00 | 116.00 | 202.00 | OK |
Version: 2.1.0
Check: installed package size
Result: NOTE
installed size is 5.3Mb
sub-directories of 1Mb or more:
libs 4.7Mb
Flavors: r-devel-linux-x86_64-fedora-clang, r-release-macos-x86_64, r-oldrel-macos-x86_64