CRAN Package Check Results for Package BHSBVAR

Last updated on 2024-02-26 19:50:03 CET.

Flavor Version Tinstall Tcheck Ttotal Status Flags
r-devel-linux-x86_64-debian-clang 3.1.1 50.07 68.07 118.14 NOTE
r-devel-linux-x86_64-debian-gcc 3.1.1 41.04 48.27 89.31 NOTE
r-devel-linux-x86_64-fedora-clang 3.1.1 158.44 NOTE
r-devel-linux-x86_64-fedora-gcc 3.1.1 172.61 NOTE
r-devel-windows-x86_64 3.1.1 42.00 117.00 159.00 NOTE
r-patched-linux-x86_64 3.1.1 58.37 63.12 121.49 NOTE
r-release-linux-x86_64 3.1.1 56.98 62.40 119.38 NOTE
r-release-macos-arm64 3.1.1 67.00 NOTE
r-release-macos-x86_64 3.1.1 103.00 NOTE
r-release-windows-x86_64 3.1.1 53.00 124.00 177.00 NOTE
r-oldrel-macos-arm64 3.1.1 62.00 NOTE
r-oldrel-windows-x86_64 3.1.1 51.00 119.00 170.00 OK

Check Details

Version: 3.1.1
Check: C++ specification
Result: NOTE Specified C++11: please drop specification unless essential Flavors: r-devel-linux-x86_64-debian-clang, r-devel-linux-x86_64-debian-gcc, r-devel-linux-x86_64-fedora-clang, r-devel-linux-x86_64-fedora-gcc, r-devel-windows-x86_64, r-patched-linux-x86_64, r-release-linux-x86_64, r-release-macos-arm64, r-release-macos-x86_64, r-release-windows-x86_64

Version: 3.1.1
Check: installed package size
Result: NOTE installed size is 5.4Mb sub-directories of 1Mb or more: libs 4.8Mb Flavors: r-release-macos-arm64, r-release-macos-x86_64, r-oldrel-macos-arm64