CRAN Package Check Results for Package BHAI

Last updated on 2021-09-21 08:49:30 CEST.

Flavor Version Tinstall Tcheck Ttotal Status Flags
r-devel-linux-x86_64-debian-clang 0.99.2 13.35 117.63 130.98 OK
r-devel-linux-x86_64-debian-gcc 0.99.2 10.63 87.65 98.28 OK
r-devel-linux-x86_64-fedora-clang 0.99.2 160.50 OK
r-devel-linux-x86_64-fedora-gcc 0.99.2 152.17 OK
r-devel-windows-x86_64 0.99.2 16.00 102.00 118.00 OK
r-devel-windows-x86_64-gcc10-UCRT 0.99.2 ERROR
r-patched-linux-x86_64 0.99.2 12.82 109.72 122.54 OK
r-patched-solaris-x86 0.99.2 213.00 OK
r-release-linux-x86_64 0.99.2 10.35 110.90 121.25 OK
r-release-macos-arm64 0.99.2 OK
r-release-macos-x86_64 0.99.2 OK
r-release-windows-ix86+x86_64 0.99.2 32.00 133.00 165.00 OK
r-oldrel-macos-x86_64 0.99.2 OK
r-oldrel-windows-ix86+x86_64 0.99.2 31.00 135.00 166.00 OK

Check Details

Version: 0.99.2
Check: whether package can be installed
Result: WARN
    Found the following significant warnings:
     WARNING: installation-time patches will not be applied, could not get the patches index
Flavor: r-devel-windows-x86_64-gcc10-UCRT

Version: 0.99.2
Check: PDF version of manual
Result: WARN
    LaTeX errors when creating PDF version.
    This typically indicates Rd problems.
Flavor: r-devel-windows-x86_64-gcc10-UCRT

Version: 0.99.2
Check: PDF version of manual without hyperrefs or index
Result: ERROR
    Re-running with no redirection of stdout/stderr.
Flavor: r-devel-windows-x86_64-gcc10-UCRT